CRAN Package Check Results for Package chinese.misc

Last updated on 2024-05-28 06:58:27 CEST.

Flavor Version Tinstall Tcheck Ttotal Status Flags
r-devel-linux-x86_64-debian-clang 0.2.3 11.29 97.00 108.29 NOTE
r-devel-linux-x86_64-debian-gcc 0.2.3 8.88 73.37 82.25 NOTE
r-devel-linux-x86_64-fedora-clang 0.2.3 129.37 NOTE
r-devel-linux-x86_64-fedora-gcc 0.2.3 135.40 NOTE
r-devel-windows-x86_64 0.2.3 13.00 104.00 117.00 NOTE
r-patched-linux-x86_64 0.2.3 11.49 97.18 108.67 NOTE
r-release-linux-x86_64 0.2.3 12.32 96.65 108.97 NOTE
r-release-macos-arm64 0.2.3 36.00 NOTE
r-release-windows-x86_64 0.2.3 11.00 106.00 117.00 NOTE
r-oldrel-macos-arm64 0.2.3 70.00 NOTE
r-oldrel-macos-x86_64 0.2.3 58.00 NOTE
r-oldrel-windows-x86_64 0.2.3 14.00 114.00 128.00 NOTE

Check Details

Version: 0.2.3
Check: LazyData
Result: NOTE 'LazyData' is specified without a 'data' directory Flavors: r-devel-linux-x86_64-debian-clang, r-devel-linux-x86_64-debian-gcc, r-devel-linux-x86_64-fedora-clang, r-devel-linux-x86_64-fedora-gcc, r-devel-windows-x86_64, r-patched-linux-x86_64, r-release-linux-x86_64, r-release-macos-arm64, r-release-windows-x86_64, r-oldrel-macos-arm64, r-oldrel-macos-x86_64, r-oldrel-windows-x86_64