CRAN Package Check Results for Package childesr

Last updated on 2022-10-06 12:55:21 CEST.

Flavor Version Tinstall Tcheck Ttotal Status Flags
r-devel-linux-x86_64-debian-clang 0.2.3 2.87 39.17 42.04 OK
r-devel-linux-x86_64-debian-gcc 0.2.3 2.07 30.28 32.35 OK
r-devel-linux-x86_64-fedora-clang 0.2.3 64.50 NOTE
r-devel-linux-x86_64-fedora-gcc 0.2.3 58.60 NOTE
r-devel-windows-x86_64 0.2.3 10.00 123.00 133.00 OK
r-patched-linux-x86_64 0.2.3 2.64 37.69 40.33 OK
r-release-linux-x86_64 0.2.3 2.56 37.45 40.01 OK
r-release-macos-arm64 0.2.3 52.00 NOTE
r-release-macos-x86_64 0.2.3 64.00 NOTE
r-release-windows-x86_64 0.2.3 22.00 108.00 130.00 OK
r-oldrel-macos-arm64 0.2.3 43.00 NOTE
r-oldrel-macos-x86_64 0.2.3 54.00 NOTE
r-oldrel-windows-ix86+x86_64 0.2.3 10.00 93.00 103.00 OK

Check Details

Version: 0.2.3
Check: dependencies in R code
Result: NOTE
    Namespace in Imports field not imported from: ‘dbplyr’
     All declared Imports should be used.
Flavors: r-devel-linux-x86_64-fedora-clang, r-devel-linux-x86_64-fedora-gcc, r-release-macos-arm64, r-release-macos-x86_64, r-oldrel-macos-arm64, r-oldrel-macos-x86_64