CRAN Package Check Results for Package childesr

Last updated on 2024-06-20 06:57:09 CEST.

Flavor Version Tinstall Tcheck Ttotal Status Flags
r-devel-linux-x86_64-debian-clang 0.2.3 3.09 42.77 45.86 OK
r-devel-linux-x86_64-debian-gcc 0.2.3 2.13 32.17 34.30 OK
r-devel-linux-x86_64-fedora-clang 0.2.3 57.36 NOTE
r-devel-linux-x86_64-fedora-gcc 0.2.3 68.45 NOTE
r-devel-windows-x86_64 0.2.3 4.00 70.00 74.00 OK
r-patched-linux-x86_64 0.2.3 3.18 40.29 43.47 OK
r-release-linux-x86_64 0.2.3 2.84 41.44 44.28 OK
r-release-macos-arm64 0.2.3 58.00 OK
r-release-macos-x86_64 0.2.3 72.00 OK
r-release-windows-x86_64 0.2.3 4.00 91.00 95.00 OK
r-oldrel-macos-arm64 0.2.3 71.00 OK
r-oldrel-macos-x86_64 0.2.3 65.00 OK
r-oldrel-windows-x86_64 0.2.3 5.00 96.00 101.00 OK

Check Details

Version: 0.2.3
Check: dependencies in R code
Result: NOTE Namespace in Imports field not imported from: ‘dbplyr’ All declared Imports should be used. Flavors: r-devel-linux-x86_64-fedora-clang, r-devel-linux-x86_64-fedora-gcc