CRAN Package Check Results for Package chicane

Last updated on 2023-02-03 18:51:17 CET.

Flavor Version Tinstall Tcheck Ttotal Status Flags
r-devel-linux-x86_64-debian-clang 0.1.8 14.62 591.98 606.60 NOTE
r-devel-linux-x86_64-debian-gcc 0.1.8 10.98 502.90 513.88 NOTE
r-devel-linux-x86_64-fedora-clang 0.1.8 730.76 NOTE
r-devel-linux-x86_64-fedora-gcc 0.1.8 741.90 NOTE
r-devel-windows-x86_64 0.1.8 48.00 742.00 790.00 NOTE
r-patched-linux-x86_64 0.1.8 8.05 551.50 559.55 NOTE
r-release-linux-x86_64 0.1.8 9.40 564.14 573.54 NOTE
r-release-macos-arm64 0.1.8 264.00 NOTE
r-release-macos-x86_64 0.1.8 386.00 NOTE
r-release-windows-x86_64 0.1.8 61.00 767.00 828.00 NOTE
r-oldrel-macos-arm64 0.1.8 282.00 NOTE
r-oldrel-macos-x86_64 0.1.8 265.00 NOTE
r-oldrel-windows-ix86+x86_64 0.1.8 28.00 672.00 700.00 NOTE

Check Details

Version: 0.1.8
Check: package dependencies
Result: NOTE
    Package suggested but not available for checking: ‘countreg’
Flavors: r-devel-linux-x86_64-debian-clang, r-devel-linux-x86_64-debian-gcc, r-devel-linux-x86_64-fedora-clang, r-devel-linux-x86_64-fedora-gcc, r-devel-windows-x86_64, r-patched-linux-x86_64, r-release-linux-x86_64, r-release-macos-x86_64, r-release-windows-x86_64, r-oldrel-macos-arm64, r-oldrel-windows-ix86+x86_64

Version: 0.1.8
Check: dependencies in R code
Result: NOTE
    Namespaces in Imports field not imported from:
     'knitr' 'rmarkdown'
     All declared Imports should be used.
Flavors: r-devel-linux-x86_64-fedora-clang, r-devel-linux-x86_64-fedora-gcc, r-release-macos-arm64, r-release-macos-x86_64, r-oldrel-macos-arm64, r-oldrel-macos-x86_64

Version: 0.1.8
Check: package dependencies
Result: NOTE
    Packages suggested but not available for checking:
     'GenomicInteractions', 'GenomicRanges', 'Gviz', 'countreg'
Flavor: r-release-macos-arm64

Version: 0.1.8
Check: package dependencies
Result: NOTE
    Packages suggested but not available for checking:
     'GenomicInteractions', 'countreg'
Flavor: r-oldrel-macos-x86_64