CRAN Package Check Results for Package cherry

Last updated on 2020-07-07 02:08:10 CEST.

Flavor Version Tinstall Tcheck Ttotal Status Flags
r-devel-linux-x86_64-debian-clang 0.6-13 11.87 95.98 107.85 OK
r-devel-linux-x86_64-debian-gcc 0.6-13 7.68 75.01 82.69 OK
r-devel-linux-x86_64-fedora-clang 0.6-13 136.98 OK
r-devel-linux-x86_64-fedora-gcc 0.6-13 131.42 OK
r-devel-windows-ix86+x86_64 0.6-13 20.00 112.00 132.00 OK
r-patched-linux-x86_64 0.6-13 10.41 96.78 107.19 OK
r-patched-solaris-x86 0.6-13 182.90 OK
r-release-linux-x86_64 0.6-13 11.00 96.82 107.82 OK
r-release-osx-x86_64 0.6-13 OK
r-release-windows-ix86+x86_64 0.6-13 19.00 108.00 127.00 OK
r-oldrel-osx-x86_64 0.6-13 NOTE
r-oldrel-windows-ix86+x86_64 0.6-13 19.00 134.00 153.00 OK

Check Details

Version: 0.6-13
Check: package dependencies
Result: NOTE
    Package suggested but not available for checking: ‘multtest’
Flavor: r-oldrel-osx-x86_64