CRAN Package Check Results for Package chemometrics

Last updated on 2022-08-17 06:51:12 CEST.

Flavor Version Tinstall Tcheck Ttotal Status Flags
r-devel-linux-x86_64-debian-clang 1.4.2 8.51 146.39 154.90 NOTE
r-devel-linux-x86_64-debian-gcc 1.4.2 NOTE
r-devel-linux-x86_64-fedora-clang 1.4.2 196.82 NOTE
r-devel-linux-x86_64-fedora-gcc 1.4.2 190.14 NOTE
r-devel-windows-x86_64 1.4.2 43.00 208.00 251.00 NOTE
r-patched-linux-x86_64 1.4.2 9.60 144.02 153.62 NOTE
r-release-linux-x86_64 1.4.2 8.63 145.26 153.89 NOTE
r-release-macos-arm64 1.4.2 55.00 OK
r-release-macos-x86_64 1.4.2 93.00 OK
r-release-windows-x86_64 1.4.2 146.00 222.00 368.00 OK
r-oldrel-macos-arm64 1.4.2 69.00 OK
r-oldrel-macos-x86_64 1.4.2 138.00 OK
r-oldrel-windows-ix86+x86_64 1.4.2 13.00 177.00 190.00 OK

Check Details

Version: 1.4.2
Check: Rd files
Result: NOTE
    checkRd: (-1) hyptis.Rd:31: Escaped LaTeX specials: \&
Flavors: r-devel-linux-x86_64-debian-clang, r-devel-linux-x86_64-debian-gcc, r-devel-linux-x86_64-fedora-clang, r-devel-linux-x86_64-fedora-gcc, r-devel-windows-x86_64

Version: 1.4.2
Check: for non-standard things in the check directory
Result: NOTE
    Found the following files/directories:
     'stepres00.txt'
Flavors: r-devel-linux-x86_64-debian-clang, r-devel-linux-x86_64-debian-gcc, r-devel-linux-x86_64-fedora-clang, r-devel-linux-x86_64-fedora-gcc, r-patched-linux-x86_64, r-release-linux-x86_64