CRAN Package Check Results for Package changepoint.mv

Last updated on 2020-09-22 14:04:53 CEST.

Flavor Version Tinstall Tcheck Ttotal Status Flags
r-devel-linux-x86_64-debian-clang 1.0.2 35.04 100.23 135.27 OK
r-devel-linux-x86_64-debian-gcc 1.0.2 25.93 73.77 99.70 OK
r-devel-linux-x86_64-fedora-clang 1.0.2 186.63 WARN
r-devel-linux-x86_64-fedora-gcc 1.0.2 153.80 OK
r-devel-windows-ix86+x86_64 1.0.2 89.00 157.00 246.00 OK
r-patched-linux-x86_64 1.0.2 28.31 86.08 114.39 OK
r-patched-solaris-x86 1.0.2 218.30 OK
r-release-linux-x86_64 1.0.2 24.48 87.36 111.84 OK
r-release-macos-x86_64 1.0.2 OK
r-release-windows-ix86+x86_64 1.0.2 87.00 176.00 263.00 OK
r-oldrel-macos-x86_64 1.0.2 OK
r-oldrel-windows-ix86+x86_64 1.0.2 57.00 190.00 247.00 OK

Check Details

Version: 1.0.2
Check: package dependencies
Result: WARN
    Requires (indirectly) orphaned package: ‘bibtex’
Flavor: r-devel-linux-x86_64-fedora-clang