CRAN Package Check Results for Package changepoint

Last updated on 2024-05-30 12:49:14 CEST.

Flavor Version Tinstall Tcheck Ttotal Status Flags
r-devel-linux-x86_64-debian-clang 2.2.4 11.75 560.63 572.38 NOTE
r-devel-linux-x86_64-debian-gcc 2.2.4 7.35 394.73 402.08 NOTE
r-devel-linux-x86_64-fedora-clang 2.2.4 652.58 NOTE
r-devel-linux-x86_64-fedora-gcc 2.2.4 611.59 NOTE
r-devel-windows-x86_64 2.2.4 15.00 406.00 421.00 NOTE
r-patched-linux-x86_64 2.2.4 13.35 534.50 547.85 NOTE
r-release-linux-x86_64 2.2.4 12.91 534.86 547.77 NOTE
r-release-macos-arm64 2.2.4 168.00 NOTE
r-release-windows-x86_64 2.2.4 14.00 401.00 415.00 NOTE
r-oldrel-macos-arm64 2.2.4 122.00 OK
r-oldrel-macos-x86_64 2.2.4 227.00 OK
r-oldrel-windows-x86_64 2.2.4 17.00 499.00 516.00 OK

Check Details

Version: 2.2.4
Check: Rd files
Result: NOTE checkRd: (-1) ftse100.Rd:8: Lost braces; missing escapes or markup? 8 | This dataset gives the daily returns (c_{t+1}/c_t -1) of the UK FTSE 100 index from 2nd April 1984 until the 13th September 2012. | ^ Flavors: r-devel-linux-x86_64-debian-clang, r-devel-linux-x86_64-debian-gcc, r-devel-linux-x86_64-fedora-clang, r-devel-linux-x86_64-fedora-gcc, r-devel-windows-x86_64, r-patched-linux-x86_64, r-release-linux-x86_64, r-release-macos-arm64, r-release-windows-x86_64