CRAN Package Check Results for Package cernn

Last updated on 2020-05-24 22:48:00 CEST.

Flavor Version Tinstall Tcheck Ttotal Status Flags
r-devel-linux-x86_64-debian-clang 0.1 2.09 19.18 21.27 NOTE
r-devel-linux-x86_64-debian-gcc 0.1 1.63 15.51 17.14 NOTE
r-devel-linux-x86_64-fedora-clang 0.1 26.70 NOTE
r-devel-linux-x86_64-fedora-gcc 0.1 25.66 NOTE
r-devel-windows-ix86+x86_64 0.1 7.00 40.00 47.00 NOTE
r-patched-linux-x86_64 0.1 2.04 19.18 21.22 NOTE
r-patched-solaris-x86 0.1 39.80 NOTE
r-release-linux-x86_64 0.1 2.06 19.16 21.22 NOTE
r-release-osx-x86_64 0.1 NOTE
r-release-windows-ix86+x86_64 0.1 5.00 33.00 38.00 NOTE
r-oldrel-osx-x86_64 0.1 NOTE
r-oldrel-windows-ix86+x86_64 0.1 4.00 44.00 48.00 NOTE

Check Details

Version: 0.1
Check: R code for possible problems
Result: NOTE
    select_lambda: no visible global function definition for 'median'
    Undefined global functions or variables:
     median
    Consider adding
     importFrom("stats", "median")
    to your NAMESPACE file.
Flavors: r-devel-linux-x86_64-debian-clang, r-devel-linux-x86_64-debian-gcc, r-devel-linux-x86_64-fedora-clang, r-devel-linux-x86_64-fedora-gcc, r-devel-windows-ix86+x86_64, r-patched-linux-x86_64, r-patched-solaris-x86, r-release-linux-x86_64, r-release-osx-x86_64, r-release-windows-ix86+x86_64, r-oldrel-osx-x86_64, r-oldrel-windows-ix86+x86_64