CRAN Package Check Results for Package ceramic

Last updated on 2022-09-30 00:49:11 CEST.

Flavor Version Tinstall Tcheck Ttotal Status Flags
r-devel-linux-x86_64-debian-clang 0.6.0 32.14 305.78 337.92 NOTE
r-devel-linux-x86_64-debian-gcc 0.6.0 29.01 218.50 247.51 NOTE
r-devel-linux-x86_64-fedora-clang 0.6.0 424.79 NOTE
r-devel-linux-x86_64-fedora-gcc 0.6.0 389.03 NOTE
r-devel-windows-x86_64 0.6.0 41.00 279.00 320.00 NOTE
r-patched-linux-x86_64 0.6.0 29.63 290.94 320.57 NOTE
r-release-linux-x86_64 0.6.0 30.35 288.40 318.75 NOTE
r-release-macos-arm64 0.6.0 80.00 NOTE
r-release-macos-x86_64 0.6.0 143.00 NOTE
r-release-windows-x86_64 0.6.0 39.00 285.00 324.00 NOTE
r-oldrel-macos-arm64 0.6.0 49.00 NOTE
r-oldrel-macos-x86_64 0.6.0 72.00 NOTE
r-oldrel-windows-ix86+x86_64 0.6.0 71.00 278.00 349.00 NOTE

Check Details

Version: 0.6.0
Check: LazyData
Result: NOTE
     'LazyData' is specified without a 'data' directory
Flavors: r-devel-linux-x86_64-debian-clang, r-devel-linux-x86_64-debian-gcc, r-devel-linux-x86_64-fedora-clang, r-devel-linux-x86_64-fedora-gcc, r-devel-windows-x86_64, r-patched-linux-x86_64, r-release-linux-x86_64, r-release-macos-arm64, r-release-macos-x86_64, r-release-windows-x86_64, r-oldrel-macos-arm64, r-oldrel-macos-x86_64, r-oldrel-windows-ix86+x86_64