CRAN Package Check Results for Package censys

Last updated on 2022-10-03 21:53:34 CEST.

Flavor Version Tinstall Tcheck Ttotal Status Flags
r-devel-linux-x86_64-debian-clang 0.1.0 3.06 33.31 36.37 NOTE
r-devel-linux-x86_64-debian-gcc 0.1.0 2.52 25.71 28.23 NOTE
r-devel-linux-x86_64-fedora-clang 0.1.0 57.02 NOTE
r-devel-linux-x86_64-fedora-gcc 0.1.0 53.04 NOTE
r-devel-windows-x86_64 0.1.0 11.00 60.00 71.00 NOTE
r-patched-linux-x86_64 0.1.0 2.96 30.94 33.90 NOTE
r-release-linux-x86_64 0.1.0 3.25 32.19 35.44 NOTE
r-release-macos-arm64 0.1.0 16.00 NOTE
r-release-macos-x86_64 0.1.0 25.00 NOTE
r-release-windows-x86_64 0.1.0 10.00 57.00 67.00 NOTE
r-oldrel-macos-arm64 0.1.0 21.00 NOTE
r-oldrel-macos-x86_64 0.1.0 30.00 NOTE
r-oldrel-windows-ix86+x86_64 0.1.0 8.00 55.00 63.00 NOTE

Check Details

Version: 0.1.0
Check: LazyData
Result: NOTE
     'LazyData' is specified without a 'data' directory
Flavors: r-devel-linux-x86_64-debian-clang, r-devel-linux-x86_64-debian-gcc, r-devel-linux-x86_64-fedora-clang, r-devel-linux-x86_64-fedora-gcc, r-devel-windows-x86_64, r-patched-linux-x86_64, r-release-linux-x86_64, r-release-macos-arm64, r-release-macos-x86_64, r-release-windows-x86_64, r-oldrel-macos-arm64, r-oldrel-macos-x86_64, r-oldrel-windows-ix86+x86_64