CRAN Package Check Results for Package cenROC

Last updated on 2020-10-21 13:49:50 CEST.

Flavor Version Tinstall Tcheck Ttotal Status Flags
r-devel-linux-x86_64-debian-clang 1.2.0 58.77 82.70 141.47 OK
r-devel-linux-x86_64-debian-gcc 1.2.0 46.74 64.57 111.31 OK
r-devel-linux-x86_64-fedora-clang 1.2.0 196.42 NOTE
r-devel-linux-x86_64-fedora-gcc 1.2.0 178.80 OK
r-devel-windows-ix86+x86_64 1.2.0 127.00 154.00 281.00 OK
r-patched-linux-x86_64 1.2.0 58.45 78.07 136.52 OK
r-patched-solaris-x86 1.2.0 202.60 OK
r-release-linux-x86_64 1.2.0 55.71 77.69 133.40 OK
r-release-macos-x86_64 1.2.0 NOTE
r-release-windows-ix86+x86_64 1.2.0 129.00 122.00 251.00 OK
r-oldrel-macos-x86_64 1.2.0 NOTE
r-oldrel-windows-ix86+x86_64 1.2.0 109.00 133.00 242.00 OK

Check Details

Version: 1.2.0
Check: installed package size
Result: NOTE
     installed size is 10.5Mb
     sub-directories of 1Mb or more:
     libs 10.3Mb
Flavors: r-devel-linux-x86_64-fedora-clang, r-release-macos-x86_64, r-oldrel-macos-x86_64