CRAN Package Check Results for Package cellWise

Last updated on 2022-09-29 12:55:22 CEST.

Flavor Version Tinstall Tcheck Ttotal Status Flags
r-devel-linux-x86_64-debian-clang 2.4.0 145.84 275.63 421.47 OK
r-devel-linux-x86_64-debian-gcc 2.4.0 111.34 198.77 310.11 OK
r-devel-linux-x86_64-fedora-clang 2.4.0 579.68 NOTE
r-devel-linux-x86_64-fedora-gcc 2.4.0 522.28 OK
r-devel-windows-x86_64 2.4.0 130.00 343.00 473.00 NOTE
r-patched-linux-x86_64 2.4.0 118.25 263.48 381.73 OK
r-release-linux-x86_64 2.4.0 119.79 264.87 384.66 OK
r-release-macos-arm64 2.4.0 142.00 NOTE
r-release-macos-x86_64 2.4.0 203.00 NOTE
r-release-windows-x86_64 2.4.0 127.00 345.00 472.00 NOTE
r-oldrel-macos-arm64 2.4.0 131.00 NOTE
r-oldrel-macos-x86_64 2.4.0 214.00 NOTE
r-oldrel-windows-ix86+x86_64 2.4.0 333.00 366.00 699.00 NOTE

Check Details

Version: 2.4.0
Check: installed package size
Result: NOTE
     installed size is 7.0Mb
     sub-directories of 1Mb or more:
     data 3.2Mb
     doc 2.4Mb
     libs 1.0Mb
Flavors: r-devel-linux-x86_64-fedora-clang, r-devel-windows-x86_64, r-release-macos-arm64, r-release-macos-x86_64, r-release-windows-x86_64, r-oldrel-macos-arm64, r-oldrel-macos-x86_64, r-oldrel-windows-ix86+x86_64