Last updated on 2025-01-22 12:59:41 CET.
Flavor | Version | Tinstall | Tcheck | Ttotal | Status | Flags |
---|---|---|---|---|---|---|
r-devel-linux-x86_64-debian-clang | 1.0.2 | 49.87 | 128.17 | 178.04 | OK | |
r-devel-linux-x86_64-debian-gcc | 1.0.2 | 45.35 | 93.25 | 138.60 | OK | |
r-devel-linux-x86_64-fedora-clang | 1.0.2 | 283.50 | OK | |||
r-devel-linux-x86_64-fedora-gcc | 1.0.2 | 282.52 | OK | |||
r-devel-windows-x86_64 | 1.0.2 | 51.00 | 135.00 | 186.00 | OK | |
r-patched-linux-x86_64 | 1.0.2 | 58.24 | 116.74 | 174.98 | OK | |
r-release-linux-x86_64 | 1.0.2 | 51.34 | 119.34 | 170.68 | OK | |
r-release-macos-arm64 | 1.0.2 | 112.00 | NOTE | |||
r-release-macos-x86_64 | 1.0.2 | 147.00 | NOTE | |||
r-release-windows-x86_64 | 1.0.2 | 50.00 | 128.00 | 178.00 | OK | |
r-oldrel-macos-arm64 | 1.0.2 | 108.00 | NOTE | |||
r-oldrel-macos-x86_64 | 1.0.2 | 383.00 | NOTE | |||
r-oldrel-windows-x86_64 | 1.0.2 | 72.00 | 161.00 | 233.00 | OK |
Version: 1.0.2
Check: installed package size
Result: NOTE
installed size is 5.9Mb
sub-directories of 1Mb or more:
data 5.5Mb
Flavors: r-release-macos-arm64, r-release-macos-x86_64, r-oldrel-macos-arm64, r-oldrel-macos-x86_64