CRAN Package Check Results for Package cder

Last updated on 2022-09-28 06:54:03 CEST.

Flavor Version Tinstall Tcheck Ttotal Status Flags
r-devel-linux-x86_64-debian-clang 0.2-2 6.96 64.50 71.46 NOTE
r-devel-linux-x86_64-debian-gcc 0.2-2 5.69 48.25 53.94 NOTE
r-devel-linux-x86_64-fedora-clang 0.2-2 100.58 NOTE
r-devel-linux-x86_64-fedora-gcc 0.2-2 91.62 NOTE
r-devel-windows-x86_64 0.2-2 12.00 87.00 99.00 NOTE
r-patched-linux-x86_64 0.2-2 6.12 59.79 65.91 NOTE
r-release-linux-x86_64 0.2-2 6.39 60.15 66.54 NOTE
r-release-macos-arm64 0.2-2 27.00 NOTE
r-release-macos-x86_64 0.2-2 50.00 NOTE
r-release-windows-x86_64 0.2-2 13.00 86.00 99.00 NOTE
r-oldrel-macos-arm64 0.2-2 31.00 NOTE
r-oldrel-macos-x86_64 0.2-2 45.00 NOTE
r-oldrel-windows-ix86+x86_64 0.2-2 17.00 81.00 98.00 NOTE

Check Details

Version: 0.2-2
Check: LazyData
Result: NOTE
     'LazyData' is specified without a 'data' directory
Flavors: r-devel-linux-x86_64-debian-clang, r-devel-linux-x86_64-debian-gcc, r-devel-linux-x86_64-fedora-clang, r-devel-linux-x86_64-fedora-gcc, r-devel-windows-x86_64, r-patched-linux-x86_64, r-release-linux-x86_64, r-release-macos-arm64, r-release-macos-x86_64, r-release-windows-x86_64, r-oldrel-macos-arm64, r-oldrel-macos-x86_64, r-oldrel-windows-ix86+x86_64