CRAN Package Check Results for Package cccp

Last updated on 2020-05-29 07:53:52 CEST.

Flavor Version Tinstall Tcheck Ttotal Status Flags
r-devel-linux-x86_64-debian-clang 0.2-4 216.74 56.46 273.20 OK
r-devel-linux-x86_64-debian-gcc 0.2-4 192.57 43.66 236.23 OK
r-devel-linux-x86_64-fedora-clang 0.2-4 402.71 NOTE
r-devel-linux-x86_64-fedora-gcc 0.2-4 416.88 NOTE
r-devel-windows-ix86+x86_64 0.2-4 502.00 137.00 639.00 OK
r-patched-linux-x86_64 0.2-4 195.66 56.79 252.45 OK
r-patched-solaris-x86 0.2-4 324.60 OK
r-release-linux-x86_64 0.2-4 200.23 55.96 256.19 OK
r-release-osx-x86_64 0.2-4 NOTE
r-release-windows-ix86+x86_64 0.2-4 384.00 146.00 530.00 OK
r-oldrel-osx-x86_64 0.2-4 NOTE
r-oldrel-windows-ix86+x86_64 0.2-4 468.00 103.00 571.00 OK

Check Details

Version: 0.2-4
Check: installed package size
Result: NOTE
     installed size is 22.2Mb
     sub-directories of 1Mb or more:
     libs 21.9Mb
Flavors: r-devel-linux-x86_64-fedora-clang, r-release-osx-x86_64, r-oldrel-osx-x86_64

Version: 0.2-4
Check: compiled code
Result: NOTE
    File ‘cccp/libs/cccp.so’:
     Found no calls to: ‘R_registerRoutines’, ‘R_useDynamicSymbols’
    
    It is good practice to register native routines and to disable symbol
    search.
    
    See ‘Writing portable packages’ in the ‘Writing R Extensions’ manual.
Flavors: r-devel-linux-x86_64-fedora-clang, r-devel-linux-x86_64-fedora-gcc