CRAN Package Check Results for Package cbsodataR

Last updated on 2020-10-25 19:49:25 CET.

Flavor Version Tinstall Tcheck Ttotal Status Flags
r-devel-linux-x86_64-debian-clang 0.5.1 3.79 34.20 37.99 OK
r-devel-linux-x86_64-debian-gcc 0.5.1 2.85 26.93 29.78 OK
r-devel-linux-x86_64-fedora-clang 0.5.1 55.43 OK
r-devel-linux-x86_64-fedora-gcc 0.5.1 45.77 OK
r-devel-windows-ix86+x86_64 0.5.1 7.00 72.00 79.00 ERROR
r-patched-linux-x86_64 0.5.1 3.63 33.54 37.17 OK
r-patched-solaris-x86 0.5.1 67.50 OK
r-release-linux-x86_64 0.5.1 3.70 33.32 37.02 OK
r-release-macos-x86_64 0.5.1 OK
r-release-windows-ix86+x86_64 0.5.1 6.00 43.00 49.00 OK
r-oldrel-macos-x86_64 0.5.1 OK
r-oldrel-windows-ix86+x86_64 0.5.1 5.00 60.00 65.00 OK

Check Details

Version: 0.5.1
Check: examples
Result: ERROR
    Running examples in 'cbsodataR-Ex.R' failed
    The error most likely occurred in:
    
    > ### Name: cbs_get_catalogs
    > ### Title: Retrieves the possible catalog values that can be used for
    > ### retrieving data
    > ### Aliases: cbs_get_catalogs
    >
    > ### ** Examples
    >
    > catalogs <- cbs_get_catalogs()
    Warning in open.connection(con, "rb") :
     cannot open URL 'http://opendata.cbs.nl/ODataCatalog/Tables?$format=json': HTTP status was '503 Service Unavailable'
    Warning: Failing: http://opendata.cbs.nl/ODataCatalog/Tables?$format=json
    Retrying...
    Warning in open.connection(con, "rb") :
     cannot open URL 'http://opendata.cbs.nl/ODataCatalog/Tables?$format=json': HTTP status was '503 Service Unavailable'
    Error in open.connection(con, "rb") : cannot open the connection
    Calls: cbs_get_catalogs ... parse_and_simplify -> parseJSON -> parse_con -> open -> open.connection
    Execution halted
Flavor: r-devel-windows-ix86+x86_64