CRAN Package Check Results for Package cbq

Last updated on 2024-06-13 06:57:56 CEST.

Flavor Version Tinstall Tcheck Ttotal Status Flags
r-devel-linux-x86_64-debian-clang 0.2.0.3 1972.43 228.26 2200.69 NOTE
r-devel-linux-x86_64-debian-gcc 0.2.0.3 0.30 1.72 2.02 ERROR
r-devel-linux-x86_64-fedora-clang 0.2.0.3 2692.07 NOTE
r-devel-linux-x86_64-fedora-gcc 0.2.0.3 4223.94 NOTE
r-devel-windows-x86_64 0.2.0.3 1563.00 293.00 1856.00 NOTE
r-patched-linux-x86_64 0.2.0.3 1548.40 379.09 1927.49 NOTE
r-release-linux-x86_64 0.2.0.3 0.01 2.80 2.81 ERROR
r-release-macos-arm64 0.2.0.3 638.00 NOTE
r-release-macos-x86_64 0.2.0.3 469.00 NOTE
r-release-windows-x86_64 0.2.0.3 1589.00 321.00 1910.00 NOTE
r-oldrel-macos-arm64 0.2.0.3 676.00 NOTE
r-oldrel-macos-x86_64 0.2.0.3 1113.00 NOTE
r-oldrel-windows-x86_64 0.2.0.3 2003.00 406.00 2409.00 NOTE

Check Details

Version: 0.2.0.3
Check: for GNU extensions in Makefiles
Result: NOTE GNU make is a SystemRequirements. Flavors: r-devel-linux-x86_64-debian-clang, r-devel-linux-x86_64-fedora-clang, r-devel-linux-x86_64-fedora-gcc, r-devel-windows-x86_64, r-patched-linux-x86_64, r-release-macos-arm64, r-release-macos-x86_64, r-release-windows-x86_64, r-oldrel-macos-arm64, r-oldrel-macos-x86_64, r-oldrel-windows-x86_64

Version: 0.2.0.3
Check: package dependencies
Result: ERROR Package required but not available: ‘rstan’ See section ‘The DESCRIPTION file’ in the ‘Writing R Extensions’ manual. Flavor: r-devel-linux-x86_64-debian-gcc

Version: 0.2.0.3
Check: installed package size
Result: NOTE installed size is 16.3Mb sub-directories of 1Mb or more: libs 15.7Mb Flavors: r-devel-linux-x86_64-fedora-clang, r-devel-windows-x86_64, r-release-macos-arm64, r-release-macos-x86_64, r-release-windows-x86_64, r-oldrel-macos-arm64, r-oldrel-macos-x86_64, r-oldrel-windows-x86_64

Version: 0.2.0.3
Check: whether package can be installed
Result: ERROR Installation failed. Flavor: r-release-linux-x86_64