CRAN Package Check Results for Package cbq

Last updated on 2022-09-26 06:51:08 CEST.

Flavor Version Tinstall Tcheck Ttotal Status Flags
r-devel-linux-x86_64-debian-clang 0.2.0.2 1621.39 185.26 1806.65 NOTE
r-devel-linux-x86_64-debian-gcc 0.2.0.2 1531.66 210.40 1742.06 NOTE
r-devel-linux-x86_64-fedora-clang 0.2.0.2 2256.35 NOTE
r-devel-linux-x86_64-fedora-gcc 0.2.0.2 2956.53 NOTE
r-devel-windows-x86_64 0.2.0.2 1094.00 331.00 1425.00 NOTE
r-patched-linux-x86_64 0.2.0.2 1080.76 269.18 1349.94 NOTE
r-release-linux-x86_64 0.2.0.2 1169.49 275.76 1445.25 NOTE
r-release-macos-arm64 0.2.0.2 588.00 NOTE
r-release-macos-x86_64 0.2.0.2 1071.00 NOTE
r-release-windows-x86_64 0.2.0.2 994.00 354.00 1348.00 NOTE
r-oldrel-macos-arm64 0.2.0.2 712.00 NOTE
r-oldrel-macos-x86_64 0.2.0.2 1255.00 NOTE
r-oldrel-windows-ix86+x86_64 0.2.0.2 3717.00 397.00 4114.00 NOTE

Check Details

Version: 0.2.0.2
Check: LazyData
Result: NOTE
     'LazyData' is specified without a 'data' directory
Flavors: r-devel-linux-x86_64-debian-clang, r-devel-linux-x86_64-debian-gcc, r-devel-linux-x86_64-fedora-clang, r-devel-linux-x86_64-fedora-gcc, r-devel-windows-x86_64, r-patched-linux-x86_64, r-release-linux-x86_64, r-release-macos-arm64, r-release-macos-x86_64, r-release-windows-x86_64, r-oldrel-macos-arm64, r-oldrel-macos-x86_64, r-oldrel-windows-ix86+x86_64

Version: 0.2.0.2
Check: for GNU extensions in Makefiles
Result: NOTE
    GNU make is a SystemRequirements.
Flavors: r-devel-linux-x86_64-debian-clang, r-devel-linux-x86_64-debian-gcc, r-devel-linux-x86_64-fedora-clang, r-devel-linux-x86_64-fedora-gcc, r-devel-windows-x86_64, r-patched-linux-x86_64, r-release-linux-x86_64, r-release-macos-arm64, r-release-macos-x86_64, r-release-windows-x86_64, r-oldrel-macos-arm64, r-oldrel-macos-x86_64, r-oldrel-windows-ix86+x86_64

Version: 0.2.0.2
Check: installed package size
Result: NOTE
     installed size is 15.1Mb
     sub-directories of 1Mb or more:
     libs 14.7Mb
Flavors: r-devel-linux-x86_64-fedora-clang, r-devel-windows-x86_64, r-release-macos-arm64, r-release-macos-x86_64, r-release-windows-x86_64, r-oldrel-macos-arm64, r-oldrel-macos-x86_64, r-oldrel-windows-ix86+x86_64