CRAN Package Check Results for Package catsim

Last updated on 2020-10-25 22:48:10 CET.

Flavor Version Tinstall Tcheck Ttotal Status Flags
r-devel-linux-x86_64-debian-clang 0.2.1 49.64 179.85 229.49 OK
r-devel-linux-x86_64-debian-gcc 0.2.1 42.86 127.04 169.90 OK
r-devel-linux-x86_64-fedora-clang 0.2.1 285.66 NOTE
r-devel-linux-x86_64-fedora-gcc 0.2.1 294.31 OK
r-devel-windows-ix86+x86_64 0.2.1 110.00 277.00 387.00 OK
r-patched-linux-x86_64 0.2.1 50.66 173.13 223.79 OK
r-patched-solaris-x86 0.2.1 333.50 OK
r-release-linux-x86_64 0.2.1 48.97 171.37 220.34 OK
r-release-macos-x86_64 0.2.1 NOTE
r-release-windows-ix86+x86_64 0.2.1 90.00 182.00 272.00 OK
r-oldrel-macos-x86_64 0.2.1 NOTE
r-oldrel-windows-ix86+x86_64 0.2.1 105.00 259.00 364.00 OK

Check Details

Version: 0.2.1
Check: installed package size
Result: NOTE
     installed size is 6.5Mb
     sub-directories of 1Mb or more:
     libs 6.3Mb
Flavors: r-devel-linux-x86_64-fedora-clang, r-release-macos-x86_64, r-oldrel-macos-x86_64