Last updated on 2022-08-13 00:50:55 CEST.
Flavor | Version | Tinstall | Tcheck | Ttotal | Status | Flags |
---|---|---|---|---|---|---|
r-devel-linux-x86_64-debian-clang | 0.9.1 | 119.04 | 51.13 | 170.17 | OK | |
r-devel-linux-x86_64-debian-gcc | 0.9.1 | 101.63 | 38.88 | 140.51 | OK | |
r-devel-linux-x86_64-fedora-clang | 0.9.1 | 269.08 | OK | |||
r-devel-linux-x86_64-fedora-gcc | 0.9.1 | 251.17 | OK | |||
r-devel-windows-x86_64 | 0.9.1 | 121.00 | 91.00 | 212.00 | OK | |
r-patched-linux-x86_64 | 0.9.1 | 109.79 | 48.05 | 157.84 | OK | |
r-release-linux-x86_64 | 0.9.1 | 102.11 | 48.35 | 150.46 | OK | |
r-release-macos-arm64 | 0.9.1 | 60.00 | OK | |||
r-release-macos-x86_64 | 0.9.1 | 99.00 | NOTE | |||
r-release-windows-x86_64 | 0.9.1 | 125.00 | 91.00 | 216.00 | OK | |
r-oldrel-macos-arm64 | 0.9.1 | 49.00 | OK | |||
r-oldrel-macos-x86_64 | 0.9.1 | 77.00 | OK | |||
r-oldrel-windows-ix86+x86_64 | 0.9.1 | 304.00 | 93.00 | 397.00 | OK |
Version: 0.9.1
Check: installed package size
Result: NOTE
installed size is 5.0Mb
sub-directories of 1Mb or more:
libs 4.6Mb
Flavor: r-release-macos-x86_64