CRAN Package Check Results for Package catfun

Last updated on 2020-05-27 07:50:53 CEST.

Flavor Version Tinstall Tcheck Ttotal Status Flags
r-devel-linux-x86_64-debian-clang 0.1.4 11.81 88.67 100.48 OK
r-devel-linux-x86_64-debian-gcc 0.1.4 8.87 67.93 76.80 OK
r-devel-linux-x86_64-fedora-clang 0.1.4 132.19 NOTE
r-devel-linux-x86_64-fedora-gcc 0.1.4 123.32 NOTE
r-devel-windows-ix86+x86_64 0.1.4 40.00 137.00 177.00 OK
r-patched-linux-x86_64 0.1.4 12.66 86.75 99.41 OK
r-patched-solaris-x86 0.1.4 179.50 NOTE
r-release-linux-x86_64 0.1.4 11.51 88.30 99.81 OK
r-release-osx-x86_64 0.1.4 NOTE
r-release-windows-ix86+x86_64 0.1.4 39.00 132.00 171.00 OK
r-oldrel-osx-x86_64 0.1.4 NOTE
r-oldrel-windows-ix86+x86_64 0.1.4 21.00 97.00 118.00 OK

Check Details

Version: 0.1.4
Check: dependencies in R code
Result: NOTE
    Namespaces in Imports field not imported from:
     ‘broom’ ‘epitools’
     All declared Imports should be used.
Flavors: r-devel-linux-x86_64-fedora-clang, r-devel-linux-x86_64-fedora-gcc, r-patched-solaris-x86, r-release-osx-x86_64, r-oldrel-osx-x86_64