CRAN Package Check Results for Package catfun

Last updated on 2022-10-01 13:51:27 CEST.

Flavor Version Tinstall Tcheck Ttotal Status Flags
r-devel-linux-x86_64-debian-clang 0.1.4 14.82 117.29 132.11 NOTE
r-devel-linux-x86_64-debian-gcc 0.1.4 8.58 86.98 95.56 NOTE
r-devel-linux-x86_64-fedora-clang 0.1.4 179.20 NOTE
r-devel-linux-x86_64-fedora-gcc 0.1.4 171.28 NOTE
r-devel-windows-x86_64 0.1.4 27.00 141.00 168.00 NOTE
r-patched-linux-x86_64 0.1.4 8.19 108.34 116.53 NOTE
r-release-linux-x86_64 0.1.4 8.17 108.14 116.31 NOTE
r-release-macos-arm64 0.1.4 41.00 NOTE
r-release-macos-x86_64 0.1.4 77.00 NOTE
r-release-windows-x86_64 0.1.4 25.00 136.00 161.00 NOTE
r-oldrel-macos-arm64 0.1.4 50.00 NOTE
r-oldrel-macos-x86_64 0.1.4 91.00 NOTE
r-oldrel-windows-ix86+x86_64 0.1.4 31.00 135.00 166.00 NOTE

Check Details

Version: 0.1.4
Check: LazyData
Result: NOTE
     'LazyData' is specified without a 'data' directory
Flavors: r-devel-linux-x86_64-debian-clang, r-devel-linux-x86_64-debian-gcc, r-devel-linux-x86_64-fedora-clang, r-devel-linux-x86_64-fedora-gcc, r-devel-windows-x86_64, r-patched-linux-x86_64, r-release-linux-x86_64, r-release-macos-arm64, r-release-macos-x86_64, r-release-windows-x86_64, r-oldrel-macos-arm64, r-oldrel-macos-x86_64, r-oldrel-windows-ix86+x86_64

Version: 0.1.4
Check: dependencies in R code
Result: NOTE
    Namespaces in Imports field not imported from:
     ‘broom’ ‘epitools’
     All declared Imports should be used.
Flavors: r-devel-linux-x86_64-fedora-clang, r-devel-linux-x86_64-fedora-gcc, r-release-macos-arm64, r-release-macos-x86_64, r-oldrel-macos-arm64, r-oldrel-macos-x86_64