CRAN Package Check Results for Package cassandRa

Last updated on 2022-08-19 21:50:52 CEST.

Flavor Version Tinstall Tcheck Ttotal Status Flags
r-devel-linux-x86_64-debian-clang 0.1.0 7.19 125.81 133.00 NOTE
r-devel-linux-x86_64-debian-gcc 0.1.0 5.68 87.88 93.56 NOTE
r-devel-linux-x86_64-fedora-clang 0.1.0 160.84 NOTE
r-devel-linux-x86_64-fedora-gcc 0.1.0 166.65 NOTE
r-devel-windows-x86_64 0.1.0 24.00 138.00 162.00 NOTE
r-patched-linux-x86_64 0.1.0 5.73 113.97 119.70 NOTE
r-release-linux-x86_64 0.1.0 NOTE
r-release-macos-arm64 0.1.0 44.00 NOTE
r-release-macos-x86_64 0.1.0 83.00 NOTE
r-release-windows-x86_64 0.1.0 45.00 153.00 198.00 NOTE
r-oldrel-macos-arm64 0.1.0 68.00 NOTE
r-oldrel-macos-x86_64 0.1.0 64.00 NOTE
r-oldrel-windows-ix86+x86_64 0.1.0 17.00 146.00 163.00 NOTE

Check Details

Version: 0.1.0
Check: LazyData
Result: NOTE
     'LazyData' is specified without a 'data' directory
Flavors: r-devel-linux-x86_64-debian-clang, r-devel-linux-x86_64-debian-gcc, r-devel-linux-x86_64-fedora-clang, r-devel-linux-x86_64-fedora-gcc, r-devel-windows-x86_64, r-patched-linux-x86_64, r-release-linux-x86_64, r-release-macos-arm64, r-release-macos-x86_64, r-release-windows-x86_64, r-oldrel-macos-arm64, r-oldrel-macos-x86_64, r-oldrel-windows-ix86+x86_64