CRAN Package Check Results for Package casebase

Last updated on 2020-11-25 19:49:16 CET.

Flavor Version Tinstall Tcheck Ttotal Status Flags
r-devel-linux-x86_64-debian-clang 0.9.0 13.48 382.44 395.92 OK
r-devel-linux-x86_64-debian-gcc 0.9.0 11.17 280.97 292.14 OK
r-devel-linux-x86_64-fedora-clang 0.9.0 460.00 OK
r-devel-linux-x86_64-fedora-gcc 0.9.0 454.51 OK
r-devel-windows-ix86+x86_64 0.9.0 29.00 470.00 499.00 OK
r-patched-linux-x86_64 0.9.0 14.12 353.12 367.24 OK
r-patched-solaris-x86 0.9.0 720.00 NOTE
r-release-linux-x86_64 0.9.0 13.05 351.33 364.38 OK
r-release-macos-x86_64 0.9.0 OK
r-release-windows-ix86+x86_64 0.9.0 30.00 486.00 516.00 OK
r-oldrel-macos-x86_64 0.9.0 OK
r-oldrel-windows-ix86+x86_64 0.9.0 17.00 411.00 428.00 OK

Check Details

Version: 0.9.0
Check: installed package size
Result: NOTE
     installed size is 5.3Mb
     sub-directories of 1Mb or more:
     doc 3.9Mb
Flavor: r-patched-solaris-x86