Last updated on 2023-09-30 00:56:01 CEST.
Flavor | Version | Tinstall | Tcheck | Ttotal | Status | Flags |
---|---|---|---|---|---|---|
r-devel-linux-x86_64-debian-clang | 2.0.0 | 2.33 | 28.24 | 30.57 | OK | |
r-devel-linux-x86_64-debian-gcc | 2.0.0 | 1.85 | 22.49 | 24.34 | OK | |
r-devel-linux-x86_64-fedora-clang | 2.0.0 | 37.83 | NOTE | |||
r-devel-linux-x86_64-fedora-gcc | 2.0.0 | 52.44 | NOTE | |||
r-devel-windows-x86_64 | 2.0.0 | 4.00 | 100.00 | 104.00 | OK | |
r-patched-linux-x86_64 | 2.0.0 | 2.56 | 27.57 | 30.13 | OK | |
r-release-linux-x86_64 | 2.0.0 | 2.21 | 27.48 | 29.69 | OK | |
r-release-macos-arm64 | 2.0.0 | 75.00 | OK | |||
r-release-macos-x86_64 | 2.0.0 | 88.00 | OK | |||
r-release-windows-x86_64 | 2.0.0 | 5.00 | 99.00 | 104.00 | OK | |
r-oldrel-macos-arm64 | 2.0.0 | 76.00 | NOTE | |||
r-oldrel-macos-x86_64 | 2.0.0 | 74.00 | NOTE | |||
r-oldrel-windows-x86_64 | 2.0.0 | 5.00 | 102.00 | 107.00 | OK |
Version: 2.0.0
Check: dependencies in R code
Result: NOTE
Namespace in Imports field not imported from: ‘R.utils’
All declared Imports should be used.
Flavors: r-devel-linux-x86_64-fedora-clang, r-devel-linux-x86_64-fedora-gcc, r-oldrel-macos-arm64, r-oldrel-macos-x86_64