CRAN Package Check Results for Package casabourse

Last updated on 2022-09-29 19:48:50 CEST.

Flavor Version Tinstall Tcheck Ttotal Status Flags
r-devel-linux-x86_64-debian-clang 2.0.0 2.54 33.90 36.44 OK
r-devel-linux-x86_64-debian-gcc 2.0.0 1.69 26.50 28.19 OK
r-devel-linux-x86_64-fedora-clang 2.0.0 55.54 NOTE
r-devel-linux-x86_64-fedora-gcc 2.0.0 52.57 NOTE
r-devel-windows-x86_64 2.0.0 6.00 116.00 122.00 OK
r-patched-linux-x86_64 2.0.0 2.48 33.51 35.99 OK
r-release-linux-x86_64 2.0.0 1.58 32.81 34.39 OK
r-release-macos-arm64 2.0.0 76.00 NOTE
r-release-macos-x86_64 2.0.0 74.00 NOTE
r-release-windows-x86_64 2.0.0 18.00 105.00 123.00 OK
r-oldrel-macos-arm64 2.0.0 75.00 NOTE
r-oldrel-macos-x86_64 2.0.0 81.00 NOTE
r-oldrel-windows-ix86+x86_64 2.0.0 6.00 98.00 104.00 OK

Check Details

Version: 2.0.0
Check: dependencies in R code
Result: NOTE
    Namespace in Imports field not imported from: ‘R.utils’
     All declared Imports should be used.
Flavors: r-devel-linux-x86_64-fedora-clang, r-devel-linux-x86_64-fedora-gcc, r-release-macos-arm64, r-release-macos-x86_64, r-oldrel-macos-arm64, r-oldrel-macos-x86_64