CRAN Package Check Results for Package cartography

Last updated on 2020-05-30 19:47:06 CEST.

Flavor Version Tinstall Tcheck Ttotal Status Flags
r-devel-linux-x86_64-debian-clang 2.4.1 30.25 212.47 242.72 OK
r-devel-linux-x86_64-debian-gcc 2.4.1 20.12 160.88 181.00 OK
r-devel-linux-x86_64-fedora-clang 2.4.1 294.58 OK
r-devel-linux-x86_64-fedora-gcc 2.4.1 263.89 OK
r-devel-windows-ix86+x86_64 2.4.1 61.00 509.00 570.00 NOTE
r-patched-linux-x86_64 2.4.1 22.31 209.31 231.62 OK
r-patched-solaris-x86 2.4.1 338.60 OK
r-release-linux-x86_64 2.4.1 21.07 210.73 231.80 OK
r-release-osx-x86_64 2.4.1 OK
r-release-windows-ix86+x86_64 2.4.1 47.00 428.00 475.00 NOTE
r-oldrel-osx-x86_64 2.4.1 OK
r-oldrel-windows-ix86+x86_64 2.4.1 48.00 427.00 475.00 OK

Check Details

Version: 2.4.1
Check: installed package size
Result: NOTE
     installed size is 5.0Mb
     sub-directories of 1Mb or more:
     data 1.2Mb
     libs 2.0Mb
Flavors: r-devel-windows-ix86+x86_64, r-release-windows-ix86+x86_64