CRAN Package Check Results for Package care

Last updated on 2020-12-04 19:48:25 CET.

Flavor Version Tinstall Tcheck Ttotal Status Flags
r-devel-linux-x86_64-debian-clang 1.1.10 2.26 23.13 25.39 OK
r-devel-linux-x86_64-debian-gcc 1.1.10 1.83 21.11 22.94 OK
r-devel-linux-x86_64-fedora-clang 1.1.10 38.38 NOTE
r-devel-linux-x86_64-fedora-gcc 1.1.10 28.51 OK
r-devel-windows-ix86+x86_64 1.1.10 5.00 40.00 45.00 OK
r-patched-linux-x86_64 1.1.10 2.37 22.98 25.35 OK
r-patched-solaris-x86 1.1.10 42.90 OK
r-release-linux-x86_64 1.1.10 2.37 23.33 25.70 OK
r-release-macos-x86_64 1.1.10 OK
r-release-windows-ix86+x86_64 1.1.10 4.00 41.00 45.00 OK
r-oldrel-macos-x86_64 1.1.10 OK
r-oldrel-windows-ix86+x86_64 1.1.10 4.00 36.00 40.00 OK

Check Details

Version: 1.1.10
Check: Rd cross-references
Result: NOTE
    Undeclared package ‘sda’ in Rd xrefs
Flavor: r-devel-linux-x86_64-fedora-clang