CRAN Package Check Results for Package cardidates

Last updated on 2023-12-08 06:50:52 CET.

Flavor Version Tinstall Tcheck Ttotal Status Flags
r-devel-linux-x86_64-debian-clang 0.4.9 3.79 49.04 52.83 NOTE
r-devel-linux-x86_64-debian-gcc 0.4.9 2.71 37.29 40.00 NOTE
r-devel-linux-x86_64-fedora-clang 0.4.9 64.87 OK
r-devel-linux-x86_64-fedora-gcc 0.4.9 74.88 OK
r-devel-windows-x86_64 0.4.9 4.00 89.00 93.00 OK
r-patched-linux-x86_64 0.4.9 4.19 48.13 52.32 OK
r-release-linux-x86_64 0.4.9 3.47 48.32 51.79 OK
r-release-macos-arm64 0.4.9 131.00 OK
r-release-macos-x86_64 0.4.9 166.00 OK
r-release-windows-x86_64 0.4.9 3.00 85.00 88.00 OK
r-oldrel-macos-arm64 0.4.9 40.00 OK
r-oldrel-macos-x86_64 0.4.9 47.00 OK
r-oldrel-windows-x86_64 0.4.9 5.00 89.00 94.00 OK

Check Details

Version: 0.4.9
Check: Rd files
Result: NOTE checkRd: (-1) fitweibull.Rd:51: Lost braces in \itemize; \value handles \item{}{} directly checkRd: (-1) fitweibull.Rd:52: Lost braces in \itemize; \value handles \item{}{} directly checkRd: (-1) fitweibull.Rd:53: Lost braces in \itemize; \value handles \item{}{} directly Flavors: r-devel-linux-x86_64-debian-clang, r-devel-linux-x86_64-debian-gcc