CRAN Package Check Results for Package captr

Last updated on 2022-09-27 19:11:54 CEST.

Flavor Version Tinstall Tcheck Ttotal Status Flags
r-devel-linux-x86_64-debian-clang 0.3.0 3.50 31.98 35.48 NOTE
r-devel-linux-x86_64-debian-gcc 0.3.0 2.42 24.69 27.11 NOTE
r-devel-linux-x86_64-fedora-clang 0.3.0 54.66 NOTE
r-devel-linux-x86_64-fedora-gcc 0.3.0 50.62 NOTE
r-devel-windows-x86_64 0.3.0 17.00 64.00 81.00 NOTE
r-patched-linux-x86_64 0.3.0 3.56 29.91 33.47 NOTE
r-release-linux-x86_64 0.3.0 3.21 30.32 33.53 NOTE
r-release-macos-arm64 0.3.0 20.00 NOTE
r-release-macos-x86_64 0.3.0 28.00 NOTE
r-release-windows-x86_64 0.3.0 23.00 63.00 86.00 NOTE
r-oldrel-macos-arm64 0.3.0 23.00 NOTE
r-oldrel-macos-x86_64 0.3.0 38.00 NOTE
r-oldrel-windows-ix86+x86_64 0.3.0 7.00 55.00 62.00 NOTE

Check Details

Version: 0.3.0
Check: package subdirectories
Result: NOTE
    Problems with news in 'NEWS.md':
     Cannot extract version info from the following section titles:
     captr .1.4
     captr .1.3
     captr .1.2
Flavors: r-devel-linux-x86_64-debian-clang, r-devel-linux-x86_64-debian-gcc, r-devel-linux-x86_64-fedora-clang, r-devel-linux-x86_64-fedora-gcc, r-devel-windows-x86_64

Version: 0.3.0
Check: LazyData
Result: NOTE
     'LazyData' is specified without a 'data' directory
Flavors: r-devel-linux-x86_64-debian-clang, r-devel-linux-x86_64-debian-gcc, r-devel-linux-x86_64-fedora-clang, r-devel-linux-x86_64-fedora-gcc, r-devel-windows-x86_64, r-patched-linux-x86_64, r-release-linux-x86_64, r-release-macos-arm64, r-release-macos-x86_64, r-release-windows-x86_64, r-oldrel-macos-arm64, r-oldrel-macos-x86_64, r-oldrel-windows-ix86+x86_64