CRAN Package Check Results for Package canprot

Last updated on 2020-10-30 01:48:27 CET.

Flavor Version Tinstall Tcheck Ttotal Status Flags
r-devel-linux-x86_64-debian-clang 1.1.0 7.74 62.79 70.53 OK
r-devel-linux-x86_64-debian-gcc 1.1.0 7.74 48.71 56.45 OK
r-devel-linux-x86_64-fedora-clang 1.1.0 93.89 OK
r-devel-linux-x86_64-fedora-gcc 1.1.0 83.48 OK
r-patched-linux-x86_64 1.1.0 8.70 59.15 67.85 OK
r-patched-solaris-x86 1.1.0 119.90 OK
r-release-linux-x86_64 1.1.0 9.72 58.48 68.20 OK
r-release-macos-x86_64 1.1.0 OK
r-release-windows-ix86+x86_64 1.1.0 11.00 83.00 94.00 OK
r-oldrel-macos-x86_64 1.1.0 NOTE
r-oldrel-windows-ix86+x86_64 1.1.0 14.00 81.00 95.00 NOTE

Check Details

Version: 1.1.0
Check: R code for possible problems
Result: NOTE
    diffplot: no visible global function definition for ‘plot’
    get_comptab: no visible global function definition for ‘plot’
    qdist: no visible global function definition for ‘plot’
    qdist : pfun: no visible global function definition for ‘plot’
    Undefined global functions or variables:
     plot
    Consider adding
     importFrom("graphics", "plot")
    to your NAMESPACE file.
Flavors: r-oldrel-macos-x86_64, r-oldrel-windows-ix86+x86_64