Last updated on 2022-06-25 12:54:18 CEST.
Flavor | Version | Tinstall | Tcheck | Ttotal | Status | Flags |
---|---|---|---|---|---|---|
r-devel-linux-x86_64-debian-clang | 0.8-6 | 4.61 | 53.96 | 58.57 | OK | |
r-devel-linux-x86_64-debian-gcc | 0.8-6 | 3.69 | 40.82 | 44.51 | OK | |
r-devel-linux-x86_64-fedora-clang | 0.8-6 | 78.09 | NOTE | |||
r-devel-linux-x86_64-fedora-gcc | 0.8-6 | 77.99 | OK | |||
r-devel-windows-x86_64 | 0.8-6 | 23.00 | 89.00 | 112.00 | OK | |
r-patched-linux-x86_64 | 0.8-6 | 5.25 | 50.95 | 56.20 | OK | |
r-release-linux-x86_64 | 0.8-6 | 3.41 | 51.15 | 54.56 | OK | |
r-release-macos-arm64 | 0.8-6 | 25.00 | OK | |||
r-release-macos-x86_64 | 0.8-6 | 45.00 | OK | |||
r-release-windows-x86_64 | 0.8-6 | 27.00 | 85.00 | 112.00 | OK | |
r-oldrel-macos-arm64 | 0.8-6 | 39.00 | OK | |||
r-oldrel-macos-x86_64 | 0.8-6 | 46.00 | OK | |||
r-oldrel-windows-ix86+x86_64 | 0.8-6 | 12.00 | 72.00 | 84.00 | OK |
Version: 0.8-6
Check: Rd cross-references
Result: NOTE
Undeclared packages ‘yacca’, ‘CCA’ in Rd xrefs
Flavor: r-devel-linux-x86_64-fedora-clang