CRAN Package Check Results for Package cancerGI

Last updated on 2022-08-16 12:52:56 CEST.

Flavor Version Tinstall Tcheck Ttotal Status Flags
r-devel-linux-x86_64-debian-clang 1.0.0 13.36 117.05 130.41 NOTE
r-devel-linux-x86_64-debian-gcc 1.0.0 10.56 86.80 97.36 NOTE
r-devel-linux-x86_64-fedora-clang 1.0.0 163.43 NOTE
r-devel-linux-x86_64-fedora-gcc 1.0.0 167.36 NOTE
r-devel-windows-x86_64 1.0.0 18.00 132.00 150.00 OK
r-patched-linux-x86_64 1.0.0 8.11 110.53 118.64 NOTE
r-release-linux-x86_64 1.0.0 10.88 109.24 120.12 NOTE
r-release-macos-arm64 1.0.0 42.00 OK
r-release-macos-x86_64 1.0.0 77.00 OK
r-release-windows-x86_64 1.0.0 26.00 134.00 160.00 OK
r-oldrel-macos-arm64 1.0.0 79.00 OK
r-oldrel-macos-x86_64 1.0.0 121.00 OK
r-oldrel-windows-ix86+x86_64 1.0.0 31.00 133.00 164.00 OK

Check Details

Version: 1.0.0
Check: for non-standard things in the check directory
Result: NOTE
    Found the following files/directories:
     'tmp.txt'
Flavors: r-devel-linux-x86_64-debian-clang, r-devel-linux-x86_64-debian-gcc, r-devel-linux-x86_64-fedora-clang, r-devel-linux-x86_64-fedora-gcc, r-patched-linux-x86_64, r-release-linux-x86_64