CRAN Package Check Results for Package cancensus

Last updated on 2024-06-14 00:53:37 CEST.

Flavor Version Tinstall Tcheck Ttotal Status Flags
r-devel-linux-x86_64-debian-clang 0.5.7 8.84 90.42 99.26 OK
r-devel-linux-x86_64-debian-gcc 0.5.7 0.35 1.72 2.07 ERROR
r-devel-linux-x86_64-fedora-clang 0.5.7 121.87 NOTE
r-devel-linux-x86_64-fedora-gcc 0.5.7 127.78 NOTE
r-devel-windows-x86_64 0.5.7 7.00 105.00 112.00 OK
r-patched-linux-x86_64 0.5.7 6.55 85.48 92.03 OK
r-release-linux-x86_64 0.5.7 6.61 83.96 90.57 OK
r-release-macos-arm64 0.5.7 62.00 OK
r-release-macos-x86_64 0.5.7 80.00 OK
r-release-windows-x86_64 0.5.7 8.00 104.00 112.00 OK
r-oldrel-macos-arm64 0.5.7 61.00 OK
r-oldrel-macos-x86_64 0.5.7 137.00 OK
r-oldrel-windows-x86_64 0.5.7 9.00 117.00 126.00 OK

Check Details

Version: 0.5.7
Check: package dependencies
Result: ERROR Package required but not available: ‘dplyr’ Packages suggested but not available for checking: 'ggplot2', 'readr', 'tidyr' See section ‘The DESCRIPTION file’ in the ‘Writing R Extensions’ manual. Flavor: r-devel-linux-x86_64-debian-gcc

Version: 0.5.7
Check: data for non-ASCII characters
Result: NOTE Note: found 23 marked UTF-8 strings Flavors: r-devel-linux-x86_64-fedora-clang, r-devel-linux-x86_64-fedora-gcc