CRAN Package Check Results for Package camsRad

Last updated on 2022-09-24 18:56:20 CEST.

Flavor Version Tinstall Tcheck Ttotal Status Flags
r-devel-linux-x86_64-debian-clang 0.3.0 1.52 26.05 27.57 NOTE
r-devel-linux-x86_64-debian-gcc 0.3.0 1.49 20.17 21.66 NOTE
r-devel-linux-x86_64-fedora-clang 0.3.0 44.58 NOTE
r-devel-linux-x86_64-fedora-gcc 0.3.0 43.64 NOTE
r-devel-windows-x86_64 0.3.0 18.00 54.00 72.00 NOTE
r-patched-linux-x86_64 0.3.0 2.05 25.40 27.45 NOTE
r-release-linux-x86_64 0.3.0 2.09 25.00 27.09 NOTE
r-release-macos-arm64 0.3.0 16.00 NOTE
r-release-macos-x86_64 0.3.0 23.00 NOTE
r-release-windows-x86_64 0.3.0 8.00 53.00 61.00 NOTE
r-oldrel-macos-arm64 0.3.0 23.00 NOTE
r-oldrel-macos-x86_64 0.3.0 29.00 NOTE
r-oldrel-windows-ix86+x86_64 0.3.0 5.00 48.00 53.00 NOTE

Check Details

Version: 0.3.0
Check: LazyData
Result: NOTE
     'LazyData' is specified without a 'data' directory
Flavors: r-devel-linux-x86_64-debian-clang, r-devel-linux-x86_64-debian-gcc, r-devel-linux-x86_64-fedora-clang, r-devel-linux-x86_64-fedora-gcc, r-devel-windows-x86_64, r-patched-linux-x86_64, r-release-linux-x86_64, r-release-macos-arm64, r-release-macos-x86_64, r-release-windows-x86_64, r-oldrel-macos-arm64, r-oldrel-macos-x86_64, r-oldrel-windows-ix86+x86_64