CRAN Package Check Results for Package calendR

Last updated on 2022-10-01 07:07:53 CEST.

Flavor Version Tinstall Tcheck Ttotal Status Flags
r-devel-linux-x86_64-debian-clang 1.1 8.43 74.80 83.23 NOTE
r-devel-linux-x86_64-debian-gcc 1.1 6.03 54.42 60.45 NOTE
r-devel-linux-x86_64-fedora-clang 1.1 120.35 NOTE
r-devel-linux-x86_64-fedora-gcc 1.1 114.79 NOTE
r-devel-windows-x86_64 1.1 12.00 94.00 106.00 NOTE
r-patched-linux-x86_64 1.1 6.55 67.66 74.21 NOTE
r-release-linux-x86_64 1.1 7.23 69.54 76.77 NOTE
r-release-macos-arm64 1.1 30.00 NOTE
r-release-macos-x86_64 1.1 60.00 NOTE
r-release-windows-x86_64 1.1 16.00 94.00 110.00 NOTE
r-oldrel-macos-arm64 1.1 32.00 NOTE
r-oldrel-macos-x86_64 1.1 43.00 NOTE
r-oldrel-windows-ix86+x86_64 1.1 21.00 93.00 114.00 NOTE

Check Details

Version: 1.1
Check: LazyData
Result: NOTE
     'LazyData' is specified without a 'data' directory
Flavors: r-devel-linux-x86_64-debian-clang, r-devel-linux-x86_64-debian-gcc, r-devel-linux-x86_64-fedora-clang, r-devel-linux-x86_64-fedora-gcc, r-devel-windows-x86_64, r-patched-linux-x86_64, r-release-linux-x86_64, r-release-macos-arm64, r-release-macos-x86_64, r-release-windows-x86_64, r-oldrel-macos-arm64, r-oldrel-macos-x86_64, r-oldrel-windows-ix86+x86_64