Last updated on 2023-10-02 19:11:05 CEST.
Flavor | Version | Tinstall | Tcheck | Ttotal | Status | Flags |
---|---|---|---|---|---|---|
r-devel-linux-x86_64-debian-clang | 1.1 | 8.95 | 75.96 | 84.91 | NOTE | |
r-devel-linux-x86_64-debian-gcc | 1.1 | 7.05 | 54.41 | 61.46 | NOTE | |
r-devel-linux-x86_64-fedora-clang | 1.1 | 107.45 | NOTE | |||
r-devel-linux-x86_64-fedora-gcc | 1.1 | 96.81 | NOTE | |||
r-devel-windows-x86_64 | 1.1 | 8.00 | 70.00 | 78.00 | NOTE | |
r-patched-linux-x86_64 | 1.1 | 8.66 | 70.06 | 78.72 | NOTE | |
r-release-linux-x86_64 | 1.1 | 7.79 | 71.06 | 78.85 | NOTE | |
r-release-macos-arm64 | 1.1 | 30.00 | NOTE | |||
r-release-macos-x86_64 | 1.1 | 43.00 | NOTE | |||
r-release-windows-x86_64 | 1.1 | 11.00 | 81.00 | 92.00 | NOTE | |
r-oldrel-macos-arm64 | 1.1 | 30.00 | NOTE | |||
r-oldrel-macos-x86_64 | 1.1 | 60.00 | NOTE | |||
r-oldrel-windows-x86_64 | 1.1 | 11.00 | 81.00 | 92.00 | NOTE |
Version: 1.1
Check: LazyData
Result: NOTE
'LazyData' is specified without a 'data' directory
Flavors: r-devel-linux-x86_64-debian-clang, r-devel-linux-x86_64-debian-gcc, r-devel-linux-x86_64-fedora-clang, r-devel-linux-x86_64-fedora-gcc, r-devel-windows-x86_64, r-patched-linux-x86_64, r-release-linux-x86_64, r-release-macos-arm64, r-release-macos-x86_64, r-release-windows-x86_64, r-oldrel-macos-arm64, r-oldrel-macos-x86_64, r-oldrel-windows-x86_64