CRAN Package Check Results for Package cabinets

Last updated on 2020-07-08 07:52:18 CEST.

Flavor Version Tinstall Tcheck Ttotal Status Flags
r-devel-linux-x86_64-debian-clang 0.4.0 2.92 22.79 25.71 OK
r-devel-linux-x86_64-debian-gcc 0.4.0 2.34 17.97 20.31 OK
r-devel-linux-x86_64-fedora-clang 0.4.0 39.60 NOTE
r-devel-linux-x86_64-fedora-gcc 0.4.0 30.59 NOTE
r-devel-windows-ix86+x86_64 0.4.0 8.00 35.00 43.00 OK
r-patched-linux-x86_64 0.4.0 3.35 22.58 25.93 OK
r-patched-solaris-x86 0.4.0 46.20 NOTE
r-release-linux-x86_64 0.4.0 2.55 22.65 25.20 OK
r-release-osx-x86_64 0.4.0 NOTE
r-release-windows-ix86+x86_64 0.4.0 8.00 38.00 46.00 OK
r-oldrel-osx-x86_64 0.4.0 NOTE
r-oldrel-windows-ix86+x86_64 0.4.0 34.00 53.00 87.00 OK

Check Details

Version: 0.4.0
Check: dependencies in R code
Result: NOTE
    Namespaces in Imports field not imported from:
     ‘R6’ ‘here’ ‘withr’
     All declared Imports should be used.
Flavors: r-devel-linux-x86_64-fedora-clang, r-devel-linux-x86_64-fedora-gcc, r-patched-solaris-x86, r-release-osx-x86_64, r-oldrel-osx-x86_64