CRAN Package Check Results for Package cabinets

Last updated on 2022-10-02 21:53:37 CEST.

Flavor Version Tinstall Tcheck Ttotal Status Flags
r-devel-linux-x86_64-debian-clang 0.6.0 3.11 27.40 30.51 NOTE
r-devel-linux-x86_64-debian-gcc 0.6.0 2.74 21.42 24.16 NOTE
r-devel-linux-x86_64-fedora-clang 0.6.0 52.61 NOTE
r-devel-linux-x86_64-fedora-gcc 0.6.0 51.23 NOTE
r-devel-windows-x86_64 0.6.0 21.00 55.00 76.00 NOTE
r-patched-linux-x86_64 0.6.0 3.74 26.19 29.93 NOTE
r-release-linux-x86_64 0.6.0 2.59 26.08 28.67 NOTE
r-release-macos-arm64 0.6.0 17.00 NOTE
r-release-macos-x86_64 0.6.0 24.00 NOTE
r-release-windows-x86_64 0.6.0 21.00 53.00 74.00 NOTE
r-oldrel-macos-arm64 0.6.0 21.00 NOTE
r-oldrel-macos-x86_64 0.6.0 29.00 NOTE
r-oldrel-windows-ix86+x86_64 0.6.0 7.00 54.00 61.00 NOTE

Check Details

Version: 0.6.0
Check: LazyData
Result: NOTE
     'LazyData' is specified without a 'data' directory
Flavors: r-devel-linux-x86_64-debian-clang, r-devel-linux-x86_64-debian-gcc, r-devel-linux-x86_64-fedora-clang, r-devel-linux-x86_64-fedora-gcc, r-devel-windows-x86_64, r-patched-linux-x86_64, r-release-linux-x86_64, r-release-macos-arm64, r-release-macos-x86_64, r-release-windows-x86_64, r-oldrel-macos-arm64, r-oldrel-macos-x86_64, r-oldrel-windows-ix86+x86_64