CRAN Package Check Results for Package caRpools

Last updated on 2020-09-22 14:04:53 CEST.

Flavor Version Tinstall Tcheck Ttotal Status Flags
r-devel-linux-x86_64-debian-clang 0.83 8.68 58.19 66.87 OK --no-examples --no-tests --no-vignettes
r-devel-linux-x86_64-debian-gcc 0.83 7.51 46.73 54.24 OK --no-examples --no-tests --no-vignettes
r-devel-windows-ix86+x86_64 0.83 16.00 70.00 86.00 OK --install=fake
r-patched-linux-x86_64 0.83 8.15 58.41 66.56 OK --no-examples --no-tests --no-vignettes
r-release-linux-x86_64 0.83 7.31 57.55 64.86 OK --no-examples --no-tests --no-vignettes
r-release-macos-x86_64 0.83 ERROR
r-release-windows-ix86+x86_64 0.83 16.00 66.00 82.00 OK --install=fake
r-oldrel-macos-x86_64 0.83 ERROR
r-oldrel-windows-ix86+x86_64 0.83 11.00 73.00 84.00 OK --install=fake

Check Details

Version: 0.83
Check: examples
Result: ERROR
    Running examples in ‘caRpools-Ex.R’ failed
    The error most likely occurred in:
    
    > ### Name: carpools.hit.overview
    > ### Title: Analysis: Analysis of pooled CRISPR screening data using a
    > ### Wilcoxon Test
    > ### Aliases: carpools.hit.overview
    > ### Keywords: ~Analysis
    >
    > ### ** Examples
    >
    > data(caRpools)
    >
    > data.wilcox = stat.wilcox(untreated.list = list(CONTROL1, CONTROL2),
    + treated.list = list(TREAT1,TREAT2), namecolumn=1, fullmatchcolumn=2,
    + normalize=TRUE, norm.fun=median, sorting=FALSE, controls="random",
    + control.picks=NULL)
    >
    >
    > data.deseq = stat.DESeq(untreated.list = list(CONTROL1, CONTROL2),
    + treated.list = list(TREAT1,TREAT2), namecolumn=1,
    + fullmatchcolumn=2, extractpattern=expression("^(.+?)(_.+)"),
    + sorting=FALSE, filename.deseq = "ANALYSIS-DESeq2-sgRNA.tab",
    + fitType="parametric")
    converting counts to integer mode
    Warning in DESeqDataSet(se, design = design, ignoreRank) :
     some variables in design formula are characters, converting to factors
    gene-wise dispersion estimates
    mean-dispersion relationship
    final dispersion estimates
    Warning in DESeqDataSet(se, design = design, ignoreRank) :
     some variables in design formula are characters, converting to factors
    gene-wise dispersion estimates
    mean-dispersion relationship
    final dispersion estimates
    >
    > data.mageck = stat.mageck(untreated.list = list(CONTROL1, CONTROL2),
    + treated.list = list(TREAT1,TREAT2), namecolumn=1, fullmatchcolumn=2,
    + norm.fun="median", extractpattern=expression("^(.+?)(_.+)"),
    + mageckfolder=NULL, sort.criteria="neg", adjust.method="fdr", filename = "TEST" , fdr.pval = 0.05)
    sh: mageck: command not found
    Warning in system(mageckstring) : error in running command
    Warning in file(file, "rt") :
     cannot open file 'TEST.gene_summary.txt': No such file or directory
    Error in file(file, "rt") : cannot open the connection
    Calls: stat.mageck -> load.file -> read.table -> file
    Execution halted
Flavor: r-release-macos-x86_64

Version: 0.83
Check: re-building of vignette outputs
Result: WARN
    Error(s) in re-building vignettes:
    --- re-building ‘CaRpools.Rmd’ using rmarkdown
    Warning in engine$weave(file, quiet = quiet, encoding = enc) :
     Pandoc (>= 1.12.3) and/or pandoc-citeproc not available. Falling back to R Markdown v1.
    converting counts to integer mode
    Warning in DESeqDataSet(se, design = design, ignoreRank) :
     some variables in design formula are characters, converting to factors
    gene-wise dispersion estimates
    mean-dispersion relationship
    final dispersion estimates
    Warning in DESeqDataSet(se, design = design, ignoreRank) :
     some variables in design formula are characters, converting to factors
    gene-wise dispersion estimates
    mean-dispersion relationship
    final dispersion estimates
    sh: mageck: command not found
    Quitting from lines 1956-1959 (CaRpools.Rmd)
    Error: processing vignette 'CaRpools.Rmd' failed with diagnostics:
    cannot open the connection
    --- failed re-building ‘CaRpools.Rmd’
    
    SUMMARY: processing the following file failed:
     ‘CaRpools.Rmd’
    
    Error: Vignette re-building failed.
    Execution halted
Flavor: r-release-macos-x86_64

Version: 0.83
Check: dependencies in R code
Result: NOTE
    No protocol specified
    No protocol specified
Flavor: r-oldrel-macos-x86_64

Version: 0.83
Check: examples
Result: ERROR
    Running examples in ‘caRpools-Ex.R’ failed
    The error most likely occurred in:
    
    > ### Name: carpools.hit.overview
    > ### Title: Analysis: Analysis of pooled CRISPR screening data using a
    > ### Wilcoxon Test
    > ### Aliases: carpools.hit.overview
    > ### Keywords: ~Analysis
    >
    > ### ** Examples
    >
    > data(caRpools)
    >
    > data.wilcox = stat.wilcox(untreated.list = list(CONTROL1, CONTROL2),
    + treated.list = list(TREAT1,TREAT2), namecolumn=1, fullmatchcolumn=2,
    + normalize=TRUE, norm.fun=median, sorting=FALSE, controls="random",
    + control.picks=NULL)
    >
    >
    > data.deseq = stat.DESeq(untreated.list = list(CONTROL1, CONTROL2),
    + treated.list = list(TREAT1,TREAT2), namecolumn=1,
    + fullmatchcolumn=2, extractpattern=expression("^(.+?)(_.+)"),
    + sorting=FALSE, filename.deseq = "ANALYSIS-DESeq2-sgRNA.tab",
    + fitType="parametric")
    Error in loadNamespace(i, c(lib.loc, .libPaths()), versionCheck = vI[[i]]) :
     there is no package called ‘GenomeInfoDbData’
    Calls: stat.DESeq ... loadNamespace -> withRestarts -> withOneRestart -> doWithOneRestart
    Execution halted
Flavor: r-oldrel-macos-x86_64

Version: 0.83
Check: re-building of vignette outputs
Result: WARN
    Error(s) in re-building vignettes:
     ...
    --- re-building ‘CaRpools.Rmd’ using rmarkdown
    Warning in engine$weave(file, quiet = quiet, encoding = enc) :
     Pandoc (>= 1.12.3) and/or pandoc-citeproc not available. Falling back to R Markdown v1.
    Quitting from lines 1875-1881 (CaRpools.Rmd)
    Error: processing vignette 'CaRpools.Rmd' failed with diagnostics:
    there is no package called 'GenomeInfoDbData'
    --- failed re-building ‘CaRpools.Rmd’
    
    SUMMARY: processing the following file failed:
     ‘CaRpools.Rmd’
    
    Error: Vignette re-building failed.
    Execution halted
Flavor: r-oldrel-macos-x86_64