CRAN Package Check Results for Package ca

Last updated on 2020-07-08 07:52:18 CEST.

Flavor Version Tinstall Tcheck Ttotal Status Flags
r-devel-linux-x86_64-debian-clang 0.71.1 8.48 39.65 48.13 OK
r-devel-linux-x86_64-debian-gcc 0.71.1 6.05 30.60 36.65 OK
r-devel-linux-x86_64-fedora-clang 0.71.1 62.86 OK
r-devel-linux-x86_64-fedora-gcc 0.71.1 55.65 OK
r-devel-windows-ix86+x86_64 0.71.1 12.00 47.00 59.00 OK
r-patched-linux-x86_64 0.71.1 8.27 40.17 48.44 OK
r-patched-solaris-x86 0.71.1 75.00 OK
r-release-linux-x86_64 0.71.1 8.73 40.27 49.00 OK
r-release-osx-x86_64 0.71.1 OK
r-release-windows-ix86+x86_64 0.71.1 11.00 48.00 59.00 OK
r-oldrel-osx-x86_64 0.71.1 NOTE
r-oldrel-windows-ix86+x86_64 0.71.1 9.00 70.00 79.00 OK

Check Details

Version: 0.71.1
Check: dependencies in R code
Result: NOTE
    No protocol specified
Flavor: r-oldrel-osx-x86_64