CRAN Package Check Results for Package cOde

Last updated on 2024-02-26 21:52:47 CET.

Flavor Version Tinstall Tcheck Ttotal Status Flags
r-devel-linux-x86_64-debian-clang 1.1.1 2.84 32.75 35.59 NOTE
r-devel-linux-x86_64-debian-gcc 1.1.1 2.76 25.72 28.48 NOTE
r-devel-linux-x86_64-fedora-clang 1.1.1 47.12 NOTE
r-devel-linux-x86_64-fedora-gcc 1.1.1 46.06 NOTE
r-devel-windows-x86_64 1.1.1 4.00 53.00 57.00 OK
r-patched-linux-x86_64 1.1.1 4.84 32.76 37.60 NOTE
r-release-linux-x86_64 1.1.1 3.13 32.79 35.92 NOTE
r-release-macos-arm64 1.1.1 18.00 OK
r-release-macos-x86_64 1.1.1 26.00 OK
r-release-windows-x86_64 1.1.1 4.00 51.00 55.00 OK
r-oldrel-macos-arm64 1.1.1 17.00 OK
r-oldrel-windows-x86_64 1.1.1 6.00 55.00 61.00 OK

Check Details

Version: 1.1.1
Check: package dependencies
Result: NOTE Package suggested but not available for checking: ‘bvpSolve’ Flavors: r-devel-linux-x86_64-debian-clang, r-devel-linux-x86_64-debian-gcc, r-devel-linux-x86_64-fedora-clang, r-devel-linux-x86_64-fedora-gcc, r-patched-linux-x86_64, r-release-linux-x86_64