CRAN Package Check Results for Package bwsTools

Last updated on 2020-05-28 07:47:51 CEST.

Flavor Version Tinstall Tcheck Ttotal Status Flags
r-devel-linux-x86_64-debian-clang 1.1.0 3.30 272.97 276.27 OK
r-devel-linux-x86_64-debian-gcc 1.1.0 2.49 200.80 203.29 OK
r-devel-linux-x86_64-fedora-clang 1.1.0 307.45 NOTE
r-devel-linux-x86_64-fedora-gcc 1.1.0 340.41 NOTE
r-devel-windows-ix86+x86_64 1.1.0 20.00 341.00 361.00 OK
r-patched-linux-x86_64 1.1.0 3.04 267.42 270.46 OK
r-patched-solaris-x86 1.1.0 351.90 NOTE
r-release-linux-x86_64 1.1.0 3.20 272.80 276.00 OK
r-release-osx-x86_64 1.1.0 NOTE
r-release-windows-ix86+x86_64 1.1.0 9.00 343.00 352.00 OK
r-oldrel-osx-x86_64 1.1.0 NOTE
r-oldrel-windows-ix86+x86_64 1.1.0 6.00 254.00 260.00 OK

Additional issues

noLD

Check Details

Version: 1.1.0
Check: dependencies in R code
Result: NOTE
    Namespace in Imports field not imported from: ‘ggplot2’
     All declared Imports should be used.
Flavors: r-devel-linux-x86_64-fedora-clang, r-devel-linux-x86_64-fedora-gcc, r-patched-solaris-x86, r-release-osx-x86_64, r-oldrel-osx-x86_64