CRAN Package Check Results for Package bvls

Last updated on 2024-06-15 00:54:02 CEST.

Flavor Version Tinstall Tcheck Ttotal Status Flags
r-devel-linux-x86_64-debian-clang 1.4 2.74 21.60 24.34 NOTE
r-devel-linux-x86_64-debian-gcc 1.4 2.35 16.92 19.27 NOTE
r-devel-linux-x86_64-fedora-clang 1.4 31.37 NOTE
r-devel-linux-x86_64-fedora-gcc 1.4 30.38 NOTE
r-devel-windows-x86_64 1.4 5.00 37.00 42.00 NOTE
r-patched-linux-x86_64 1.4 2.94 21.04 23.98 NOTE
r-release-linux-x86_64 1.4 2.87 20.34 23.21 NOTE
r-release-macos-arm64 1.4 16.00 NOTE
r-release-macos-x86_64 1.4 22.00 NOTE
r-release-windows-x86_64 1.4 5.00 35.00 40.00 NOTE
r-oldrel-macos-arm64 1.4 15.00 NOTE
r-oldrel-macos-x86_64 1.4 21.00 NOTE
r-oldrel-windows-x86_64 1.4 5.00 38.00 43.00 NOTE

Check Details

Version: 1.4
Check: DESCRIPTION meta-information
Result: NOTE Malformed Description field: should contain one or more complete sentences. Flavors: r-devel-linux-x86_64-debian-clang, r-devel-linux-x86_64-debian-gcc, r-devel-linux-x86_64-fedora-clang, r-devel-linux-x86_64-fedora-gcc, r-devel-windows-x86_64, r-patched-linux-x86_64, r-release-linux-x86_64, r-release-macos-arm64, r-release-macos-x86_64, r-release-windows-x86_64, r-oldrel-macos-arm64, r-oldrel-macos-x86_64, r-oldrel-windows-x86_64

Version: 1.4
Check: Rd cross-references
Result: NOTE Undeclared packages ‘quadprog’, ‘nnls’ in Rd xrefs Flavor: r-devel-linux-x86_64-fedora-clang

Version: 1.4
Check: compiled code
Result: NOTE File ‘bvls/libs/bvls.so’: Found no calls to: ‘R_registerRoutines’, ‘R_useDynamicSymbols’ It is good practice to register native routines and to disable symbol search. See ‘Writing portable packages’ in the ‘Writing R Extensions’ manual. Flavors: r-devel-linux-x86_64-fedora-clang, r-devel-linux-x86_64-fedora-gcc