Last updated on 2022-08-19 06:52:18 CEST.
Flavor | Version | Tinstall | Tcheck | Ttotal | Status | Flags |
---|---|---|---|---|---|---|
r-devel-linux-x86_64-debian-clang | 1.2.0 | 3.49 | 559.42 | 562.91 | NOTE | |
r-devel-linux-x86_64-debian-gcc | 1.2.0 | 2.44 | 412.66 | 415.10 | NOTE | |
r-devel-linux-x86_64-fedora-clang | 1.2.0 | 661.13 | NOTE | |||
r-devel-linux-x86_64-fedora-gcc | 1.2.0 | 693.58 | NOTE | |||
r-devel-windows-x86_64 | 1.2.0 | 17.00 | 363.00 | 380.00 | NOTE | --no-vignettes |
r-patched-linux-x86_64 | 1.2.0 | 3.13 | 547.66 | 550.79 | NOTE | |
r-release-linux-x86_64 | 1.2.0 | NOTE | ||||
r-release-macos-arm64 | 1.2.0 | 194.00 | NOTE | |||
r-release-macos-x86_64 | 1.2.0 | 305.00 | NOTE | |||
r-release-windows-x86_64 | 1.2.0 | 17.00 | 296.00 | 313.00 | NOTE | --no-vignettes |
r-oldrel-macos-arm64 | 1.2.0 | 233.00 | NOTE | |||
r-oldrel-macos-x86_64 | 1.2.0 | 312.00 | NOTE | |||
r-oldrel-windows-ix86+x86_64 | 1.2.0 | 6.00 | 345.00 | 351.00 | NOTE | --no-vignettes |
Version: 1.2.0
Check: Rd files
Result: NOTE
checkRd: (-1) kink_estimator.Rd:60: Escaped LaTeX specials: \$
Flavors: r-devel-linux-x86_64-debian-clang, r-devel-linux-x86_64-debian-gcc, r-devel-linux-x86_64-fedora-clang, r-devel-linux-x86_64-fedora-gcc
Version: 1.2.0
Check: LazyData
Result: NOTE
'LazyData' is specified without a 'data' directory
Flavors: r-devel-linux-x86_64-debian-clang, r-devel-linux-x86_64-debian-gcc, r-devel-linux-x86_64-fedora-clang, r-devel-linux-x86_64-fedora-gcc, r-patched-linux-x86_64, r-release-linux-x86_64, r-release-macos-arm64, r-release-macos-x86_64, r-oldrel-macos-arm64, r-oldrel-macos-x86_64
Version: 1.2.0
Flags: --no-vignettes
Check: Rd files
Result: NOTE
checkRd: (-1) kink_estimator.Rd:60: Escaped LaTeX specials: \$
Flavor: r-devel-windows-x86_64
Version: 1.2.0
Flags: --no-vignettes
Check: LazyData
Result: NOTE
'LazyData' is specified without a 'data' directory
Flavors: r-devel-windows-x86_64, r-release-windows-x86_64, r-oldrel-windows-ix86+x86_64