CRAN Package Check Results for Package bucky

Last updated on 2020-10-21 13:49:49 CEST.

Flavor Version Tinstall Tcheck Ttotal Status Flags
r-devel-linux-x86_64-debian-clang 1.0.6 3.50 35.94 39.44 OK
r-devel-linux-x86_64-debian-gcc 1.0.6 2.59 27.46 30.05 OK
r-devel-linux-x86_64-fedora-clang 1.0.6 54.74 NOTE
r-devel-linux-x86_64-fedora-gcc 1.0.6 45.48 OK
r-devel-windows-ix86+x86_64 1.0.6 9.00 57.00 66.00 OK
r-patched-linux-x86_64 1.0.6 3.41 34.39 37.80 OK
r-patched-solaris-x86 1.0.6 72.00 OK
r-release-linux-x86_64 1.0.6 3.23 33.75 36.98 OK
r-release-macos-x86_64 1.0.6 OK
r-release-windows-ix86+x86_64 1.0.6 7.00 40.00 47.00 OK
r-oldrel-macos-x86_64 1.0.6 OK
r-oldrel-windows-ix86+x86_64 1.0.6 7.00 61.00 68.00 OK

Check Details

Version: 1.0.6
Check: Rd cross-references
Result: NOTE
    Undeclared package ‘mitools’ in Rd xrefs
Flavor: r-devel-linux-x86_64-fedora-clang