CRAN Package Check Results for Package bubblyr

Last updated on 2022-10-03 21:53:33 CEST.

Flavor Version Tinstall Tcheck Ttotal Status Flags
r-devel-linux-x86_64-debian-clang 0.1.2 2.53 25.77 28.30 NOTE
r-devel-linux-x86_64-debian-gcc 0.1.2 2.04 20.17 22.21 NOTE
r-devel-linux-x86_64-fedora-clang 0.1.2 48.27 NOTE
r-devel-linux-x86_64-fedora-gcc 0.1.2 44.55 NOTE
r-devel-windows-x86_64 0.1.2 9.00 61.00 70.00 NOTE
r-patched-linux-x86_64 0.1.2 2.12 25.44 27.56 NOTE
r-release-linux-x86_64 0.1.2 1.70 24.74 26.44 NOTE
r-release-macos-arm64 0.1.2 18.00 NOTE
r-release-macos-x86_64 0.1.2 25.00 NOTE
r-release-windows-x86_64 0.1.2 12.00 59.00 71.00 NOTE
r-oldrel-macos-arm64 0.1.2 22.00 NOTE
r-oldrel-macos-x86_64 0.1.2 29.00 NOTE
r-oldrel-windows-ix86+x86_64 0.1.2 5.00 48.00 53.00 NOTE

Check Details

Version: 0.1.2
Check: LazyData
Result: NOTE
     'LazyData' is specified without a 'data' directory
Flavors: r-devel-linux-x86_64-debian-clang, r-devel-linux-x86_64-debian-gcc, r-devel-linux-x86_64-fedora-clang, r-devel-linux-x86_64-fedora-gcc, r-devel-windows-x86_64, r-patched-linux-x86_64, r-release-linux-x86_64, r-release-macos-arm64, r-release-macos-x86_64, r-release-windows-x86_64, r-oldrel-macos-arm64, r-oldrel-macos-x86_64, r-oldrel-windows-ix86+x86_64