CRAN Package Check Results for Package bst

Last updated on 2020-05-31 13:47:50 CEST.

Flavor Version Tinstall Tcheck Ttotal Status Flags
r-devel-linux-x86_64-debian-clang 0.3-20 10.59 139.20 149.79 WARN
r-devel-linux-x86_64-debian-gcc 0.3-20 8.83 107.15 115.98 WARN
r-devel-linux-x86_64-fedora-clang 0.3-20 189.53 WARN
r-devel-linux-x86_64-fedora-gcc 0.3-20 189.16 WARN
r-devel-windows-ix86+x86_64 0.3-20 28.00 218.00 246.00 WARN
r-patched-linux-x86_64 0.3-20 10.70 140.01 150.71 OK
r-patched-solaris-x86 0.3-20 258.60 OK
r-release-linux-x86_64 0.3-20 11.54 138.95 150.49 OK
r-release-osx-x86_64 0.3-20 OK
r-release-windows-ix86+x86_64 0.3-20 24.00 178.00 202.00 OK
r-oldrel-osx-x86_64 0.3-20 OK
r-oldrel-windows-ix86+x86_64 0.3-20 22.00 168.00 190.00 OK

Check Details

Version: 0.3-20
Check: whether package can be installed
Result: WARN
    Found the following significant warnings:
     Warning: S4 exports specified in 'NAMESPACE' but not defined in package 'bst'
Flavors: r-devel-linux-x86_64-debian-clang, r-devel-windows-ix86+x86_64

Version: 0.3-20
Check: whether the namespace can be loaded with stated dependencies
Result: NOTE
    Warning: S4 exports specified in 'NAMESPACE' but not defined in package 'bst'
    
    A namespace must be able to be loaded with just the base namespace
    loaded: otherwise if the namespace gets loaded by a saved object, the
    session will be unable to start.
    
    Probably some imports need to be declared in the NAMESPACE file.
Flavors: r-devel-linux-x86_64-debian-clang, r-devel-windows-ix86+x86_64

Version: 0.3-20
Check: whether the namespace can be loaded with stated dependencies
Result: WARN
    Warning: S4 exports specified in 'NAMESPACE' but not defined in package ‘bst’
Flavors: r-devel-linux-x86_64-debian-gcc, r-devel-linux-x86_64-fedora-clang, r-devel-linux-x86_64-fedora-gcc