Last updated on 2022-08-09 00:51:20 CEST.
Flavor | Version | Tinstall | Tcheck | Ttotal | Status | Flags |
---|---|---|---|---|---|---|
r-devel-linux-x86_64-debian-clang | 2.0.1 | 725.44 | 484.83 | 1210.27 | OK | |
r-devel-linux-x86_64-debian-gcc | 2.0.1 | 583.76 | 313.49 | 897.25 | OK | |
r-devel-linux-x86_64-fedora-clang | 2.0.1 | 1678.76 | NOTE | |||
r-devel-linux-x86_64-fedora-gcc | 2.0.1 | 1544.67 | OK | |||
r-devel-windows-x86_64 | 2.0.1 | 512.00 | 507.00 | 1019.00 | NOTE | |
r-patched-linux-x86_64 | 2.0.1 | 621.14 | 413.90 | 1035.04 | OK | |
r-release-linux-x86_64 | 2.0.1 | OK | ||||
r-release-macos-arm64 | 2.0.1 | 379.00 | NOTE | |||
r-release-macos-x86_64 | 2.0.1 | 431.00 | NOTE | |||
r-release-windows-x86_64 | 2.0.1 | 492.00 | 506.00 | 998.00 | NOTE | |
r-oldrel-macos-arm64 | 2.0.1 | 298.00 | NOTE | |||
r-oldrel-macos-x86_64 | 2.0.1 | 467.00 | NOTE | |||
r-oldrel-windows-ix86+x86_64 | 2.0.1 | 1733.00 | 675.00 | 2408.00 | NOTE |
Version: 2.0.1
Check: installed package size
Result: NOTE
installed size is 26.7Mb
sub-directories of 1Mb or more:
data 1.1Mb
doc 2.8Mb
libs 22.3Mb
Flavors: r-devel-linux-x86_64-fedora-clang, r-devel-windows-x86_64, r-release-macos-arm64, r-release-macos-x86_64, r-release-windows-x86_64, r-oldrel-macos-arm64, r-oldrel-macos-x86_64, r-oldrel-windows-ix86+x86_64