Last updated on 2023-12-05 00:51:54 CET.
Flavor | Version | Tinstall | Tcheck | Ttotal | Status | Flags |
---|---|---|---|---|---|---|
r-devel-linux-x86_64-debian-clang | 1.1 | 11.67 | 99.99 | 111.66 | NOTE | |
r-devel-linux-x86_64-debian-gcc | 1.1 | 8.81 | 76.63 | 85.44 | NOTE | |
r-devel-linux-x86_64-fedora-clang | 1.1 | 140.30 | NOTE | |||
r-devel-linux-x86_64-fedora-gcc | 1.1 | 134.18 | NOTE | |||
r-devel-windows-x86_64 | 1.1 | 11.00 | 94.00 | 105.00 | NOTE | |
r-patched-linux-x86_64 | 1.1 | 7.29 | 97.56 | 104.85 | OK | |
r-release-linux-x86_64 | 1.1 | 11.84 | 97.79 | 109.63 | OK | |
r-release-macos-arm64 | 1.1 | 42.00 | OK | |||
r-release-macos-x86_64 | 1.1 | 70.00 | OK | |||
r-release-windows-x86_64 | 1.1 | 13.00 | 106.00 | 119.00 | OK | |
r-oldrel-macos-arm64 | 1.1 | 46.00 | OK | |||
r-oldrel-macos-x86_64 | 1.1 | 93.00 | OK | |||
r-oldrel-windows-x86_64 | 1.1 | 15.00 | 112.00 | 127.00 | OK |
Version: 1.1
Check: Rd contents
Result: NOTE
Argument items with no description in Rd file 'plot.bshazard.Rd':
‘\dots’
Argument items with no description in Rd file 'print.bshazard.Rd':
‘\dots’
Argument items with no description in Rd file 'summary.bshazard.Rd':
‘\dots’
Flavors: r-devel-linux-x86_64-debian-clang, r-devel-linux-x86_64-debian-gcc, r-devel-linux-x86_64-fedora-clang, r-devel-linux-x86_64-fedora-gcc, r-devel-windows-x86_64