CRAN Package Check Results for Package brlrmr

Last updated on 2020-10-28 19:47:42 CET.

Flavor Version Tinstall Tcheck Ttotal Status Flags
r-devel-linux-x86_64-debian-clang 0.1.7 3.26 25.80 29.06 OK
r-devel-linux-x86_64-debian-gcc 0.1.7 2.46 20.00 22.46 OK
r-devel-linux-x86_64-fedora-clang 0.1.7 43.79 NOTE
r-devel-linux-x86_64-fedora-gcc 0.1.7 35.41 NOTE
r-devel-windows-ix86+x86_64 0.1.7 2.00 8.00 10.00 ERROR
r-patched-linux-x86_64 0.1.7 OK
r-patched-solaris-x86 0.1.7 50.30 NOTE
r-release-linux-x86_64 0.1.7 3.25 24.87 28.12 OK
r-release-macos-x86_64 0.1.7 NOTE
r-release-windows-ix86+x86_64 0.1.7 6.00 30.00 36.00 OK
r-oldrel-macos-x86_64 0.1.7 NOTE
r-oldrel-windows-ix86+x86_64 0.1.7 7.00 38.00 45.00 OK

Check Details

Version: 0.1.7
Check: dependencies in R code
Result: NOTE
    Namespaces in Imports field not imported from:
     ‘Rcpp’ ‘profileModel’
     All declared Imports should be used.
Flavors: r-devel-linux-x86_64-fedora-clang, r-devel-linux-x86_64-fedora-gcc, r-patched-solaris-x86, r-release-macos-x86_64, r-oldrel-macos-x86_64

Version: 0.1.7
Check: package dependencies
Result: ERROR
    Package required but not available: 'brglm'
    
    See section 'The DESCRIPTION file' in the 'Writing R Extensions'
    manual.
Flavor: r-devel-windows-ix86+x86_64