CRAN Package Check Results for Package bridger

Last updated on 2022-08-17 12:55:09 CEST.

Flavor Version Tinstall Tcheck Ttotal Status Flags
r-devel-linux-x86_64-debian-clang 0.1.0 6.85 60.21 67.06 OK
r-devel-linux-x86_64-debian-gcc 0.1.0 OK
r-devel-linux-x86_64-fedora-clang 0.1.0 93.05 NOTE
r-devel-linux-x86_64-fedora-gcc 0.1.0 87.54 NOTE
r-devel-windows-x86_64 0.1.0 18.00 86.00 104.00 OK
r-patched-linux-x86_64 0.1.0 4.86 55.29 60.15 OK
r-release-linux-x86_64 0.1.0 4.61 56.32 60.93 OK
r-release-macos-arm64 0.1.0 26.00 NOTE
r-release-macos-x86_64 0.1.0 37.00 NOTE
r-release-windows-x86_64 0.1.0 19.00 86.00 105.00 OK
r-oldrel-macos-arm64 0.1.0 37.00 NOTE
r-oldrel-macos-x86_64 0.1.0 37.00 NOTE
r-oldrel-windows-ix86+x86_64 0.1.0 31.00 86.00 117.00 OK

Check Details

Version: 0.1.0
Check: dependencies in R code
Result: NOTE
    Namespace in Imports field not imported from: ‘kableExtra’
     All declared Imports should be used.
Flavors: r-devel-linux-x86_64-fedora-clang, r-devel-linux-x86_64-fedora-gcc, r-release-macos-arm64, r-release-macos-x86_64, r-oldrel-macos-arm64, r-oldrel-macos-x86_64