CRAN Package Check Results for Package brainGraph

Last updated on 2020-09-22 14:04:52 CEST.

Flavor Version Tinstall Tcheck Ttotal Status Flags
r-devel-linux-x86_64-debian-clang 2.7.3 26.40 150.08 176.48 OK
r-devel-linux-x86_64-debian-gcc 2.7.3 20.85 117.89 138.74 OK
r-devel-linux-x86_64-fedora-clang 2.7.3 219.57 OK
r-devel-linux-x86_64-fedora-gcc 2.7.3 213.21 OK
r-devel-windows-ix86+x86_64 2.7.3 47.00 151.00 198.00 OK
r-patched-linux-x86_64 2.7.3 17.03 144.96 161.99 OK
r-patched-solaris-x86 2.7.3 286.50 OK
r-release-linux-x86_64 2.7.3 17.08 145.21 162.29 OK
r-release-macos-x86_64 2.7.3 OK
r-release-windows-ix86+x86_64 2.7.3 47.00 187.00 234.00 OK
r-oldrel-macos-x86_64 2.7.3 NOTE
r-oldrel-windows-ix86+x86_64 2.7.3 33.00 175.00 208.00 OK

Check Details

Version: 2.7.3
Check: dependencies in R code
Result: NOTE
    No protocol specified
    
    (R:60058): Gtk-WARNING **: gtk_disable_setlocale() must be called before gtk_init()
    No protocol specified
Flavor: r-oldrel-macos-x86_64