CRAN Package Check Results for Package bpnreg

Last updated on 2022-09-28 00:52:37 CEST.

Flavor Version Tinstall Tcheck Ttotal Status Flags
r-devel-linux-x86_64-debian-clang 2.0.2 86.68 81.07 167.75 OK
r-devel-linux-x86_64-debian-gcc 2.0.2 69.32 58.63 127.95 OK
r-devel-linux-x86_64-fedora-clang 2.0.2 246.97 OK
r-devel-linux-x86_64-fedora-gcc 2.0.2 218.74 OK
r-devel-windows-x86_64 2.0.2 79.00 141.00 220.00 OK
r-patched-linux-x86_64 2.0.2 56.60 70.66 127.26 OK
r-release-linux-x86_64 2.0.2 55.46 69.94 125.40 OK
r-release-macos-arm64 2.0.2 53.00 NOTE
r-release-macos-x86_64 2.0.2 93.00 NOTE
r-release-windows-x86_64 2.0.2 85.00 123.00 208.00 OK
r-oldrel-macos-arm64 2.0.2 58.00 NOTE
r-oldrel-macos-x86_64 2.0.2 74.00 NOTE
r-oldrel-windows-ix86+x86_64 2.0.2 246.00 132.00 378.00 OK

Check Details

Version: 2.0.2
Check: installed package size
Result: NOTE
     installed size is 5.1Mb
     sub-directories of 1Mb or more:
     libs 4.7Mb
Flavors: r-release-macos-arm64, r-release-macos-x86_64, r-oldrel-macos-arm64, r-oldrel-macos-x86_64