CRAN Package Check Results for Package bpgmm

Last updated on 2020-05-30 13:51:20 CEST.

Flavor Version Tinstall Tcheck Ttotal Status Flags
r-devel-linux-x86_64-debian-clang 1.0.7 111.05 63.54 174.59 OK
r-devel-linux-x86_64-debian-gcc 1.0.7 88.93 48.06 136.99 OK
r-devel-linux-x86_64-fedora-clang 1.0.7 271.09 NOTE
r-devel-linux-x86_64-fedora-gcc 1.0.7 238.60 OK
r-devel-windows-ix86+x86_64 1.0.7 267.00 130.00 397.00 OK
r-patched-linux-x86_64 1.0.7 97.65 61.65 159.30 OK
r-patched-solaris-x86 1.0.7 229.30 OK
r-release-linux-x86_64 1.0.7 92.67 61.49 154.16 OK
r-release-osx-x86_64 1.0.7 NOTE
r-release-windows-ix86+x86_64 1.0.7 200.00 162.00 362.00 OK
r-oldrel-osx-x86_64 1.0.7 NOTE
r-oldrel-windows-ix86+x86_64 1.0.7 243.00 144.00 387.00 OK

Check Details

Version: 1.0.7
Check: installed package size
Result: NOTE
     installed size is 6.9Mb
     sub-directories of 1Mb or more:
     libs 6.6Mb
Flavors: r-devel-linux-x86_64-fedora-clang, r-release-osx-x86_64, r-oldrel-osx-x86_64